Last updated on 2023-09-29 08:53:56 CEST.
Flavor | Version | Tinstall | Tcheck | Ttotal | Status | Flags |
---|---|---|---|---|---|---|
r-devel-linux-x86_64-debian-clang | 2.1.1 | 12.72 | 100.99 | 113.71 | OK | |
r-devel-linux-x86_64-debian-gcc | 2.1.1 | 8.46 | 73.35 | 81.81 | OK | |
r-devel-linux-x86_64-fedora-clang | 2.1.1 | 137.64 | OK | |||
r-devel-linux-x86_64-fedora-gcc | 2.1.1 | 131.91 | OK | |||
r-devel-windows-x86_64 | 2.1.1 | 10.00 | 105.00 | 115.00 | OK | |
r-patched-linux-x86_64 | 2.1.1 | 17.38 | 95.83 | 113.21 | OK | |
r-release-linux-x86_64 | 2.1.1 | 11.89 | 95.94 | 107.83 | OK | |
r-release-macos-arm64 | 2.1.1 | 40.00 | OK | |||
r-release-macos-x86_64 | 2.1.1 | 71.00 | NOTE | |||
r-release-windows-x86_64 | 2.1.1 | 12.00 | 126.00 | 138.00 | OK | |
r-oldrel-macos-arm64 | 2.1.1 | 40.00 | OK | |||
r-oldrel-macos-x86_64 | 2.1.1 | 49.00 | OK | |||
r-oldrel-windows-x86_64 | 2.1.1 | 16.00 | 111.00 | 127.00 | OK |
Version: 2.1.1
Check: package dependencies
Result: NOTE
Packages suggested but not available for checking: 'KrigInv', 'GPareto'
Flavor: r-release-macos-x86_64
Version: 2.1.1
Check: Rd cross-references
Result: NOTE
Package unavailable to check Rd xrefs: ‘KrigInv’
Flavor: r-release-macos-x86_64