Last updated on 2023-10-01 19:57:43 CEST.
Flavor | Version | Tinstall | Tcheck | Ttotal | Status | Flags |
---|---|---|---|---|---|---|
r-devel-linux-x86_64-debian-clang | 0.6.4 | 3.60 | 37.43 | 41.03 | NOTE | |
r-devel-linux-x86_64-debian-gcc | 0.6.4 | 3.32 | 28.92 | 32.24 | NOTE | |
r-devel-linux-x86_64-fedora-clang | 0.6.4 | 53.62 | NOTE | |||
r-devel-linux-x86_64-fedora-gcc | 0.6.4 | 51.53 | NOTE | |||
r-devel-windows-x86_64 | 0.6.4 | 5.00 | 61.00 | 66.00 | NOTE | |
r-patched-linux-x86_64 | 0.6.4 | 4.58 | 36.70 | 41.28 | NOTE | |
r-release-linux-x86_64 | 0.6.4 | 4.25 | 37.60 | 41.85 | NOTE | |
r-release-macos-arm64 | 0.6.4 | 22.00 | NOTE | |||
r-release-macos-x86_64 | 0.6.4 | 31.00 | NOTE | |||
r-release-windows-x86_64 | 0.6.4 | 5.00 | 59.00 | 64.00 | NOTE | |
r-oldrel-macos-arm64 | 0.6.4 | 24.00 | NOTE | |||
r-oldrel-macos-x86_64 | 0.6.4 | 29.00 | NOTE | |||
r-oldrel-windows-x86_64 | 0.6.4 | 7.00 | 62.00 | 69.00 | NOTE |
Version: 0.6.4
Check: package dependencies
Result: NOTE
Package suggested but not available for checking: ‘rrelaxiv’
Flavors: r-devel-linux-x86_64-debian-clang, r-devel-linux-x86_64-debian-gcc, r-devel-linux-x86_64-fedora-clang, r-devel-linux-x86_64-fedora-gcc, r-devel-windows-x86_64, r-patched-linux-x86_64, r-release-linux-x86_64, r-release-macos-arm64, r-release-macos-x86_64, r-release-windows-x86_64, r-oldrel-macos-arm64, r-oldrel-macos-x86_64, r-oldrel-windows-x86_64