Last updated on 2023-12-04 07:50:52 CET.
Flavor | Version | Tinstall | Tcheck | Ttotal | Status | Flags |
---|---|---|---|---|---|---|
r-devel-linux-x86_64-debian-clang | 1.3.2 | 2.62 | 33.68 | 36.30 | OK | |
r-devel-linux-x86_64-debian-gcc | 1.3.2 | 2.05 | 26.16 | 28.21 | OK | |
r-devel-linux-x86_64-fedora-clang | 1.3.2 | 46.66 | NOTE | |||
r-devel-linux-x86_64-fedora-gcc | 1.3.2 | 55.90 | NOTE | |||
r-devel-windows-x86_64 | 1.3.2 | 4.00 | 54.00 | 58.00 | OK | |
r-patched-linux-x86_64 | 1.3.2 | 3.04 | 32.97 | 36.01 | OK | |
r-release-linux-x86_64 | 1.3.2 | 2.56 | 32.94 | 35.50 | OK | |
r-release-macos-arm64 | 1.3.2 | 29.00 | OK | |||
r-release-macos-x86_64 | 1.3.2 | 41.00 | OK | |||
r-release-windows-x86_64 | 1.3.2 | 4.00 | 54.00 | 58.00 | OK | |
r-oldrel-macos-arm64 | 1.3.2 | 20.00 | NOTE | |||
r-oldrel-macos-x86_64 | 1.3.2 | 36.00 | NOTE | |||
r-oldrel-windows-x86_64 | 1.3.2 | 4.00 | 54.00 | 58.00 | OK |
Version: 1.3.2
Check: data for non-ASCII characters
Result: NOTE
Note: found 5764 marked UTF-8 strings
Flavors: r-devel-linux-x86_64-fedora-clang, r-devel-linux-x86_64-fedora-gcc, r-oldrel-macos-arm64, r-oldrel-macos-x86_64