Last updated on 2025-01-25 19:48:42 CET.
Flavor | Version | Tinstall | Tcheck | Ttotal | Status | Flags |
---|---|---|---|---|---|---|
r-devel-linux-x86_64-debian-clang | 1.0.10 | 5.69 | 222.66 | 228.35 | NOTE | |
r-devel-linux-x86_64-debian-gcc | 1.0.10 | 4.45 | 154.29 | 158.74 | NOTE | |
r-devel-linux-x86_64-fedora-clang | 1.0.10 | 363.94 | OK | |||
r-devel-linux-x86_64-fedora-gcc | 1.0.10 | 346.58 | OK | |||
r-devel-windows-x86_64 | 1.0.10 | 11.00 | 207.00 | 218.00 | NOTE | |
r-patched-linux-x86_64 | 1.0.10 | 8.35 | 208.46 | 216.81 | OK | |
r-release-linux-x86_64 | 1.0.10 | 5.47 | 208.26 | 213.73 | OK | |
r-release-macos-arm64 | 1.0.10 | 94.00 | OK | |||
r-release-macos-x86_64 | 1.0.10 | 149.00 | OK | |||
r-release-windows-x86_64 | 1.0.10 | 11.00 | 208.00 | 219.00 | OK | |
r-oldrel-macos-arm64 | 1.0.10 | 104.00 | OK | |||
r-oldrel-macos-x86_64 | 1.0.10 | 268.00 | OK | |||
r-oldrel-windows-x86_64 | 1.0.10 | 13.00 | 294.00 | 307.00 | OK |
Version: 1.0.10
Check: Rd cross-references
Result: NOTE
Found the following Rd file(s) with Rd \link{} targets missing package
anchors:
declare_estimator.Rd: lm_robust, estimatr, glance
Please provide package anchors for all Rd \link{} targets not in the
package itself and the base packages.
Flavors: r-devel-linux-x86_64-debian-clang, r-devel-linux-x86_64-debian-gcc, r-devel-windows-x86_64