Last updated on 2024-04-24 07:57:37 CEST.
Flavor | Version | Tinstall | Tcheck | Ttotal | Status | Flags |
---|---|---|---|---|---|---|
r-devel-linux-x86_64-debian-clang | 3.3.3 | 27.72 | 58.75 | 86.47 | NOTE | |
r-devel-linux-x86_64-debian-gcc | 3.3.3 | 23.68 | 43.78 | 67.46 | NOTE | |
r-devel-linux-x86_64-fedora-clang | 3.3.3 | 124.92 | NOTE | |||
r-devel-linux-x86_64-fedora-gcc | 3.3.3 | 114.20 | NOTE | |||
r-prerel-macos-arm64 | 3.3.3 | 36.00 | NOTE | |||
r-prerel-windows-x86_64 | 3.3.3 | 27.00 | 80.00 | 107.00 | NOTE | |
r-patched-linux-x86_64 | 3.3.3 | 32.97 | 54.71 | 87.68 | NOTE | |
r-release-linux-x86_64 | 3.3.3 | 27.75 | 55.89 | 83.64 | NOTE | |
r-release-macos-arm64 | 3.3.3 | 39.00 | NOTE | |||
r-release-macos-x86_64 | 3.3.3 | 59.00 | NOTE | |||
r-release-windows-x86_64 | 3.3.3 | 34.00 | 99.00 | 133.00 | NOTE | |
r-oldrel-macos-arm64 | 3.3.3 | 36.00 | OK | |||
r-oldrel-windows-x86_64 | 3.3.3 | 35.00 | 91.00 | 126.00 | OK |
Version: 3.3.3
Check: C++ specification
Result: NOTE
Specified C++14: please drop specification unless essential
Flavors: r-devel-linux-x86_64-debian-clang, r-devel-linux-x86_64-debian-gcc, r-devel-linux-x86_64-fedora-clang, r-devel-linux-x86_64-fedora-gcc, r-prerel-macos-arm64, r-prerel-windows-x86_64, r-patched-linux-x86_64, r-release-linux-x86_64, r-release-macos-arm64, r-release-macos-x86_64, r-release-windows-x86_64