CRAN Package Check Results for Package DataFakeR

Last updated on 2024-02-26 19:50:06 CET.

Flavor Version Tinstall Tcheck Ttotal Status Flags
r-devel-linux-x86_64-debian-clang 0.1.3 4.30 62.65 66.95 NOTE
r-devel-linux-x86_64-debian-gcc 0.1.3 4.73 48.30 53.03 NOTE
r-devel-linux-x86_64-fedora-clang 0.1.3 87.59 NOTE
r-devel-linux-x86_64-fedora-gcc 0.1.3 103.55 NOTE
r-devel-windows-x86_64 0.1.3 5.00 78.00 83.00 OK
r-patched-linux-x86_64 0.1.3 6.32 61.10 67.42 OK
r-release-linux-x86_64 0.1.3 4.78 60.34 65.12 OK
r-release-macos-arm64 0.1.3 42.00 OK
r-release-macos-x86_64 0.1.3 57.00 OK
r-release-windows-x86_64 0.1.3 8.00 81.00 89.00 OK
r-oldrel-macos-arm64 0.1.3 33.00 OK
r-oldrel-windows-x86_64 0.1.3 8.00 83.00 91.00 OK

Check Details

Version: 0.1.3
Check: Rd files
Result: NOTE checkRd: (-1) number_of_rows.Rd:30-32: Lost braces in \itemize; meant \describe ? checkRd: (-1) number_of_rows.Rd:33-37: Lost braces in \itemize; meant \describe ? checkRd: (-1) schema_methods.Rd:38: Lost braces in \itemize; meant \describe ? checkRd: (-1) schema_methods.Rd:39: Lost braces in \itemize; meant \describe ? checkRd: (-1) schema_methods.Rd:40: Lost braces in \itemize; meant \describe ? checkRd: (-1) schema_methods.Rd:41: Lost braces in \itemize; meant \describe ? checkRd: (-1) schema_source.Rd:30: Lost braces in \itemize; meant \describe ? checkRd: (-1) schema_source.Rd:31: Lost braces in \itemize; meant \describe ? checkRd: (-1) special_simulation.Rd:37-39: Lost braces in \itemize; meant \describe ? checkRd: (-1) special_simulation.Rd:40-43: Lost braces in \itemize; meant \describe ? Flavors: r-devel-linux-x86_64-debian-clang, r-devel-linux-x86_64-debian-gcc, r-devel-linux-x86_64-fedora-clang, r-devel-linux-x86_64-fedora-gcc

Version: 0.1.3
Check: dependencies in R code
Result: NOTE Namespace in Imports field not imported from: ‘R6’ All declared Imports should be used. Flavors: r-devel-linux-x86_64-fedora-clang, r-devel-linux-x86_64-fedora-gcc