Last updated on 2023-09-20 19:54:40 CEST.
Flavor | Version | Tinstall | Tcheck | Ttotal | Status | Flags |
---|---|---|---|---|---|---|
r-devel-linux-x86_64-debian-clang | 0.8.2 | 8.31 | 275.17 | 283.48 | NOTE | |
r-devel-linux-x86_64-debian-gcc | 0.8.2 | 6.57 | 187.87 | 194.44 | NOTE | |
r-devel-linux-x86_64-fedora-clang | 0.8.2 | 319.87 | NOTE | |||
r-devel-linux-x86_64-fedora-gcc | 0.8.2 | 306.00 | NOTE | |||
r-devel-windows-x86_64 | 0.8.2 | 10.00 | 223.00 | 233.00 | NOTE | |
r-patched-linux-x86_64 | 0.8.2 | 14.19 | 236.50 | 250.69 | NOTE | |
r-release-linux-x86_64 | 0.8.2 | 6.90 | 243.59 | 250.49 | NOTE | |
r-release-macos-arm64 | 0.8.2 | 101.00 | NOTE | |||
r-release-macos-x86_64 | 0.8.2 | 169.00 | NOTE | |||
r-release-windows-x86_64 | 0.8.2 | 12.00 | 273.00 | 285.00 | NOTE | |
r-oldrel-macos-arm64 | 0.8.2 | 100.00 | NOTE | |||
r-oldrel-macos-x86_64 | 0.8.2 | 196.00 | NOTE | |||
r-oldrel-windows-x86_64 | 0.8.2 | 12.00 | 284.00 | 296.00 | NOTE |
Version: 0.8.2
Check: Rd \usage sections
Result: NOTE
Documented arguments not in \usage in documentation object 'plotDataExplorer.single':
‘obj’
Functions with \usage entries need to have the appropriate \alias
entries, and all their arguments documented.
The \usage entries must correspond to syntactically valid R code.
See chapter ‘Writing R documentation files’ in the ‘Writing R
Extensions’ manual.
Flavors: r-devel-linux-x86_64-debian-clang, r-devel-linux-x86_64-debian-gcc, r-devel-linux-x86_64-fedora-clang, r-devel-linux-x86_64-fedora-gcc, r-devel-windows-x86_64
Version: 0.8.2
Check: LazyData
Result: NOTE
'LazyData' is specified without a 'data' directory
Flavors: r-devel-linux-x86_64-debian-clang, r-devel-linux-x86_64-debian-gcc, r-devel-linux-x86_64-fedora-clang, r-devel-linux-x86_64-fedora-gcc, r-devel-windows-x86_64, r-patched-linux-x86_64, r-release-linux-x86_64, r-release-macos-arm64, r-release-macos-x86_64, r-release-windows-x86_64, r-oldrel-macos-arm64, r-oldrel-macos-x86_64, r-oldrel-windows-x86_64