Last updated on 2023-12-06 07:50:12 CET.
Flavor | Version | Tinstall | Tcheck | Ttotal | Status | Flags |
---|---|---|---|---|---|---|
r-devel-linux-x86_64-debian-clang | 1.0 | 3.26 | 43.75 | 47.01 | NOTE | |
r-devel-linux-x86_64-debian-gcc | 1.0 | 2.51 | 32.21 | 34.72 | NOTE | |
r-devel-linux-x86_64-fedora-clang | 1.0 | 58.30 | OK | |||
r-devel-linux-x86_64-fedora-gcc | 1.0 | 53.69 | OK | |||
r-devel-windows-x86_64 | 1.0 | 4.00 | 54.00 | 58.00 | OK | |
r-patched-linux-x86_64 | 1.0 | 3.80 | 40.97 | 44.77 | OK | |
r-release-linux-x86_64 | 1.0 | 2.86 | 41.29 | 44.15 | OK | |
r-release-macos-arm64 | 1.0 | 24.00 | OK | |||
r-release-macos-x86_64 | 1.0 | 31.00 | OK | |||
r-release-windows-x86_64 | 1.0 | 5.00 | 59.00 | 64.00 | OK | |
r-oldrel-macos-arm64 | 1.0 | 20.00 | OK | |||
r-oldrel-macos-x86_64 | 1.0 | 28.00 | OK | |||
r-oldrel-windows-x86_64 | 1.0 | 4.00 | 62.00 | 66.00 | OK |
Version: 1.0
Check: Rd files
Result: NOTE
checkRd: (-1) DTWUMI_1gap_imputation.Rd:33: Lost braces in \itemize; \value handles \item{}{} directly
checkRd: (-1) DTWUMI_1gap_imputation.Rd:34: Lost braces in \itemize; \value handles \item{}{} directly
checkRd: (-1) DTWUMI_1gap_imputation.Rd:35: Lost braces in \itemize; \value handles \item{}{} directly
checkRd: (-1) DTWUMI_1gap_imputation.Rd:36: Lost braces in \itemize; \value handles \item{}{} directly
checkRd: (-1) DTWUMI_1gap_imputation.Rd:37: Lost braces in \itemize; \value handles \item{}{} directly
Flavors: r-devel-linux-x86_64-debian-clang, r-devel-linux-x86_64-debian-gcc