Last updated on 2024-04-18 20:55:33 CEST.
Flavor | Version | Tinstall | Tcheck | Ttotal | Status | Flags |
---|---|---|---|---|---|---|
r-devel-linux-x86_64-debian-clang | 0.33 | 7.06 | 48.65 | 55.71 | OK | |
r-devel-linux-x86_64-debian-gcc | 0.33 | 5.19 | 36.82 | 42.01 | OK | |
r-devel-linux-x86_64-fedora-clang | 0.33 | 70.47 | NOTE | |||
r-devel-linux-x86_64-fedora-gcc | 0.33 | 80.81 | OK | |||
r-prerel-macos-arm64 | 0.33 | 34.00 | NOTE | |||
r-prerel-macos-x86_64 | 0.33 | 100.00 | NOTE | |||
r-prerel-windows-x86_64 | 0.33 | 10.00 | 59.00 | 69.00 | NOTE | |
r-patched-linux-x86_64 | 0.33 | 10.84 | 47.07 | 57.91 | OK | |
r-release-linux-x86_64 | 0.33 | 7.29 | 46.52 | 53.81 | OK | |
r-release-macos-arm64 | 0.33 | 36.00 | NOTE | |||
r-release-macos-x86_64 | 0.33 | 64.00 | NOTE | |||
r-release-windows-x86_64 | 0.33 | 11.00 | 62.00 | 73.00 | NOTE | |
r-oldrel-macos-arm64 | 0.33 | 32.00 | NOTE | |||
r-oldrel-windows-x86_64 | 0.33 | 13.00 | 65.00 | 78.00 | NOTE |
Version: 0.33
Check: installed package size
Result: NOTE
installed size is 6.8Mb
sub-directories of 1Mb or more:
htmlwidgets 5.8Mb
Flavors: r-devel-linux-x86_64-fedora-clang, r-prerel-macos-arm64, r-prerel-macos-x86_64, r-prerel-windows-x86_64, r-release-macos-arm64, r-release-macos-x86_64, r-release-windows-x86_64, r-oldrel-macos-arm64, r-oldrel-windows-x86_64