Last updated on 2023-09-25 08:02:26 CEST.
Flavor | Version | Tinstall | Tcheck | Ttotal | Status | Flags |
---|---|---|---|---|---|---|
r-devel-linux-x86_64-debian-clang | 0.1.1 | 2.08 | 32.45 | 34.53 | OK | |
r-devel-linux-x86_64-debian-gcc | 0.1.1 | 1.71 | 25.95 | 27.66 | OK | |
r-devel-linux-x86_64-fedora-clang | 0.1.1 | 43.14 | NOTE | |||
r-devel-linux-x86_64-fedora-gcc | 0.1.1 | 53.55 | NOTE | |||
r-devel-windows-x86_64 | 0.1.1 | 5.00 | 50.00 | 55.00 | OK | |
r-patched-linux-x86_64 | 0.1.1 | 2.53 | 32.40 | 34.93 | OK | |
r-release-linux-x86_64 | 0.1.1 | 2.31 | 33.13 | 35.44 | OK | |
r-release-macos-arm64 | 0.1.1 | 27.00 | OK | |||
r-release-macos-x86_64 | 0.1.1 | 38.00 | OK | |||
r-release-windows-x86_64 | 0.1.1 | 3.00 | 51.00 | 54.00 | OK | |
r-oldrel-macos-arm64 | 0.1.1 | 21.00 | OK | |||
r-oldrel-macos-x86_64 | 0.1.1 | 28.00 | NOTE | |||
r-oldrel-windows-x86_64 | 0.1.1 | 4.00 | 55.00 | 59.00 | OK |
Version: 0.1.1
Check: data for non-ASCII characters
Result: NOTE
Note: found 149 marked UTF-8 strings
Flavors: r-devel-linux-x86_64-fedora-clang, r-devel-linux-x86_64-fedora-gcc, r-oldrel-macos-x86_64