CRAN Package Check Results for Package DSSP

Last updated on 2023-09-22 19:54:30 CEST.

Flavor Version Tinstall Tcheck Ttotal Status Flags
r-devel-linux-x86_64-debian-clang 0.1.1 74.03 220.28 294.31 NOTE
r-devel-linux-x86_64-debian-gcc 0.1.1 52.33 173.58 225.91 NOTE
r-devel-linux-x86_64-fedora-clang 0.1.1 318.62 NOTE
r-devel-linux-x86_64-fedora-gcc 0.1.1 407.70 NOTE
r-devel-windows-x86_64 0.1.1 57.00 192.00 249.00 NOTE
r-patched-linux-x86_64 0.1.1 66.97 215.89 282.86 NOTE
r-release-linux-x86_64 0.1.1 55.60 210.75 266.35 NOTE
r-release-macos-arm64 0.1.1 135.00 NOTE
r-release-macos-x86_64 0.1.1 206.00 NOTE
r-release-windows-x86_64 0.1.1 76.00 242.00 318.00 NOTE
r-oldrel-macos-arm64 0.1.1 160.00 OK
r-oldrel-macos-x86_64 0.1.1 559.00 OK
r-oldrel-windows-x86_64 0.1.1 75.00 235.00 310.00 OK

Check Details

Version: 0.1.1
Check: C++ specification
Result: NOTE
     Specified C++11: please drop specification unless essential
Flavors: r-devel-linux-x86_64-debian-clang, r-devel-linux-x86_64-debian-gcc, r-devel-linux-x86_64-fedora-clang, r-devel-linux-x86_64-fedora-gcc, r-devel-windows-x86_64, r-patched-linux-x86_64, r-release-linux-x86_64, r-release-macos-arm64, r-release-macos-x86_64, r-release-windows-x86_64