Last updated on 2024-03-28 07:52:48 CET.
Flavor | Version | Tinstall | Tcheck | Ttotal | Status | Flags |
---|---|---|---|---|---|---|
r-devel-linux-x86_64-debian-clang | 0.1.4 | 63.99 | 571.89 | 635.88 | OK | |
r-devel-linux-x86_64-debian-gcc | 0.1.4 | 52.95 | 434.09 | 487.04 | OK | |
r-devel-linux-x86_64-fedora-clang | 0.1.4 | 928.53 | OK | |||
r-devel-linux-x86_64-fedora-gcc | 0.1.4 | 870.62 | OK | |||
r-devel-windows-x86_64 | 0.1.4 | 11.00 | 5.00 | 16.00 | ERROR | |
r-patched-linux-x86_64 | 0.1.4 | 62.74 | 574.97 | 637.71 | OK | |
r-release-linux-x86_64 | 0.1.4 | 68.76 | 574.32 | 643.08 | OK | |
r-release-macos-arm64 | 0.1.4 | 11.00 | ERROR | |||
r-release-macos-x86_64 | 0.1.4 | 7.00 | ERROR | |||
r-release-windows-x86_64 | 0.1.4 | 84.00 | 548.00 | 632.00 | OK | |
r-oldrel-macos-arm64 | 0.1.4 | 22.00 | ERROR | |||
r-oldrel-windows-x86_64 | 0.1.4 | 15.00 | 11.00 | 26.00 | ERROR |
Version: 0.1.4
Check: whether package can be installed
Result: ERROR
Installation failed.
Flavors: r-devel-windows-x86_64, r-oldrel-macos-arm64, r-oldrel-windows-x86_64
Version: 0.1.4
Check: package dependencies
Result: ERROR
Package required but not available: ‘GSVA’
See section ‘The DESCRIPTION file’ in the ‘Writing R Extensions’
manual.
Flavors: r-release-macos-arm64, r-release-macos-x86_64