Last updated on 2023-05-29 08:54:57 CEST.
Flavor | Version | Tinstall | Tcheck | Ttotal | Status | Flags |
---|---|---|---|---|---|---|
r-devel-linux-x86_64-debian-clang | 3.2 | 151.80 | 293.32 | 445.12 | OK | |
r-devel-linux-x86_64-debian-gcc | 3.2 | 124.26 | 220.35 | 344.61 | OK | |
r-devel-linux-x86_64-fedora-clang | 3.2 | 638.37 | OK | |||
r-devel-linux-x86_64-fedora-gcc | 3.2 | 597.94 | OK | |||
r-devel-windows-x86_64 | 3.2 | 119.00 | 226.00 | 345.00 | OK | |
r-patched-linux-x86_64 | 3.2 | 125.92 | 270.60 | 396.52 | OK | |
r-release-linux-x86_64 | 3.2 | 139.53 | 272.25 | 411.78 | OK | |
r-release-macos-arm64 | 3.2 | 152.00 | NOTE | |||
r-release-macos-x86_64 | 3.2 | 264.00 | NOTE | |||
r-release-windows-x86_64 | 3.2 | 155.00 | 297.00 | 452.00 | OK | |
r-oldrel-macos-arm64 | 3.2 | 136.00 | NOTE | |||
r-oldrel-macos-x86_64 | 3.2 | 189.00 | NOTE | |||
r-oldrel-windows-x86_64 | 3.2 | 150.00 | 284.00 | 434.00 | OK |
Version: 3.2
Check: installed package size
Result: NOTE
installed size is 10.2Mb
sub-directories of 1Mb or more:
data 1.6Mb
libs 8.3Mb
Flavors: r-release-macos-arm64, r-release-macos-x86_64, r-oldrel-macos-arm64, r-oldrel-macos-x86_64