Last updated on 2024-04-20 07:56:03 CEST.
Flavor | Version | Tinstall | Tcheck | Ttotal | Status | Flags |
---|---|---|---|---|---|---|
r-devel-linux-x86_64-debian-clang | 0.1.2 | 59.17 | 57.79 | 116.96 | OK | |
r-devel-linux-x86_64-debian-gcc | 0.1.2 | 45.52 | 43.33 | 88.85 | OK | |
r-devel-linux-x86_64-fedora-clang | 0.1.2 | 156.88 | OK | |||
r-devel-linux-x86_64-fedora-gcc | 0.1.2 | 176.02 | OK | |||
r-prerel-macos-arm64 | 0.1.2 | 42.00 | NOTE | |||
r-prerel-windows-x86_64 | 0.1.2 | 48.00 | 81.00 | 129.00 | OK | |
r-patched-linux-x86_64 | 0.1.2 | 60.06 | 55.29 | 115.35 | OK | |
r-release-linux-x86_64 | 0.1.2 | 56.70 | 53.38 | 110.08 | OK | |
r-release-macos-arm64 | 0.1.2 | 49.00 | NOTE | |||
r-release-macos-x86_64 | 0.1.2 | 84.00 | NOTE | |||
r-release-windows-x86_64 | 0.1.2 | 43.00 | 96.00 | 139.00 | OK | |
r-oldrel-macos-arm64 | 0.1.2 | 47.00 | NOTE | |||
r-oldrel-windows-x86_64 | 0.1.2 | 55.00 | 95.00 | 150.00 | OK |
Version: 0.1.2
Check: installed package size
Result: NOTE
installed size is 6.3Mb
sub-directories of 1Mb or more:
libs 5.7Mb
Flavors: r-prerel-macos-arm64, r-release-macos-arm64, r-release-macos-x86_64, r-oldrel-macos-arm64