CRAN Package Check Results for Package DPP

Last updated on 2023-06-02 20:56:24 CEST.

Flavor Version Tinstall Tcheck Ttotal Status Flags
r-devel-linux-x86_64-debian-clang 0.1.2 53.17 56.59 109.76 OK
r-devel-linux-x86_64-debian-gcc 0.1.2 46.04 42.80 88.84 OK
r-devel-linux-x86_64-fedora-clang 0.1.2 155.77 OK
r-devel-linux-x86_64-fedora-gcc 0.1.2 171.23 OK
r-devel-windows-x86_64 0.1.2 44.00 83.00 127.00 OK
r-patched-linux-x86_64 0.1.2 OK
r-release-linux-x86_64 0.1.2 45.49 53.68 99.17 OK
r-release-macos-arm64 0.1.2 49.00 NOTE
r-release-macos-x86_64 0.1.2 84.00 NOTE
r-release-windows-x86_64 0.1.2 56.00 94.00 150.00 OK
r-oldrel-macos-arm64 0.1.2 47.00 NOTE
r-oldrel-macos-x86_64 0.1.2 54.00 NOTE
r-oldrel-windows-x86_64 0.1.2 54.00 100.00 154.00 OK

Check Details

Version: 0.1.2
Check: installed package size
Result: NOTE
     installed size is 6.8Mb
     sub-directories of 1Mb or more:
     libs 6.3Mb
Flavors: r-release-macos-arm64, r-release-macos-x86_64, r-oldrel-macos-arm64, r-oldrel-macos-x86_64