Last updated on 2024-04-24 07:57:38 CEST.
Flavor | Version | Tinstall | Tcheck | Ttotal | Status | Flags |
---|---|---|---|---|---|---|
r-devel-linux-x86_64-debian-clang | 1.10 | 112.64 | 271.96 | 384.60 | OK | |
r-devel-linux-x86_64-debian-gcc | 1.10 | 73.68 | 194.30 | 267.98 | OK | |
r-devel-linux-x86_64-fedora-clang | 1.10 | 496.81 | OK | |||
r-devel-linux-x86_64-fedora-gcc | 1.10 | 512.67 | OK | |||
r-prerel-macos-arm64 | 1.10 | 119.00 | NOTE | |||
r-prerel-windows-x86_64 | 1.10 | 78.00 | 213.00 | 291.00 | OK | |
r-patched-linux-x86_64 | 1.10 | 103.17 | 272.70 | 375.87 | OK | |
r-release-linux-x86_64 | 1.10 | 106.54 | 269.44 | 375.98 | OK | |
r-release-macos-arm64 | 1.10 | 131.00 | NOTE | |||
r-release-macos-x86_64 | 1.10 | 227.00 | NOTE | |||
r-release-windows-x86_64 | 1.10 | 99.00 | 274.00 | 373.00 | OK | |
r-oldrel-macos-arm64 | 1.10 | 125.00 | NOTE | |||
r-oldrel-windows-x86_64 | 1.10 | 89.00 | 257.00 | 346.00 | OK |
Version: 1.10
Check: installed package size
Result: NOTE
installed size is 5.0Mb
sub-directories of 1Mb or more:
libs 4.4Mb
Flavors: r-prerel-macos-arm64, r-release-macos-arm64, r-release-macos-x86_64, r-oldrel-macos-arm64