CRAN Package Check Results for Package DOBAD

Last updated on 2023-05-29 20:00:21 CEST.

Flavor Version Tinstall Tcheck Ttotal Status Flags
r-devel-linux-x86_64-debian-clang 1.0.6 12.20 248.47 260.67 NOTE
r-devel-linux-x86_64-debian-gcc 1.0.6 11.60 184.32 195.92 NOTE
r-devel-linux-x86_64-fedora-clang 1.0.6 316.83 NOTE
r-devel-linux-x86_64-fedora-gcc 1.0.6 318.13 NOTE
r-devel-windows-x86_64 1.0.6 13.00 105.00 118.00 NOTE --no-vignettes
r-patched-linux-x86_64 1.0.6 13.73 235.20 248.93 NOTE
r-release-linux-x86_64 1.0.6 12.48 237.39 249.87 NOTE
r-release-macos-arm64 1.0.6 126.00 NOTE
r-release-macos-x86_64 1.0.6 217.00 NOTE
r-release-windows-x86_64 1.0.6 15.00 115.00 130.00 NOTE --no-vignettes
r-oldrel-macos-arm64 1.0.6 117.00 OK
r-oldrel-macos-x86_64 1.0.6 141.00 OK
r-oldrel-windows-x86_64 1.0.6 16.00 114.00 130.00 OK --no-vignettes

Check Details

Version: 1.0.6
Check: Rd \usage sections
Result: NOTE
    S3 methods shown with full name in documentation object ‘add.joint.mean.many’:
     ‘all.cond.mean.PO’ ‘all.cond.mean2.PO’
    
    The \usage entries for S3 methods should use the \method markup and not
    their full name.
    See chapter ‘Writing R documentation files’ in the ‘Writing R
    Extensions’ manual.
Flavors: r-devel-linux-x86_64-debian-clang, r-devel-linux-x86_64-debian-gcc, r-devel-linux-x86_64-fedora-clang, r-devel-linux-x86_64-fedora-gcc, r-patched-linux-x86_64, r-release-linux-x86_64, r-release-macos-arm64, r-release-macos-x86_64

Version: 1.0.6
Flags: --no-vignettes
Check: Rd \usage sections
Result: NOTE
    S3 methods shown with full name in documentation object 'add.joint.mean.many':
     'all.cond.mean.PO' 'all.cond.mean2.PO'
    
    The \usage entries for S3 methods should use the \method markup and not
    their full name.
    See chapter 'Writing R documentation files' in the 'Writing R
    Extensions' manual.
Flavors: r-devel-windows-x86_64, r-release-windows-x86_64

Version: 1.0.6
Check: re-building of vignette outputs
Result: NOTE
    Error(s) in re-building vignettes:
    --- re-building ‘BD_EM.Rnw’ using Sweave
    Loading required package: numDeriv
    Error: processing vignette 'BD_EM.Rnw' failed with diagnostics:
    Running 'texi2dvi' on 'BD_EM.tex' failed.
    LaTeX errors:
    ! LaTeX Error: File `versions.sty' not found.
    
    Type X to quit or <RETURN> to proceed,
    or enter new name. (Default extension: sty)
    
    ! Emergency stop.
    <read *>
    
    l.19 \usepackage
     {amsmath}^^M
    ! ==> Fatal error occurred, no output PDF file produced!
    --- failed re-building ‘BD_EM.Rnw’
    
    --- re-building ‘BD_EM_wImmig.Rnw’ using Sweave
    Loading required package: numDeriv
    Error: processing vignette 'BD_EM_wImmig.Rnw' failed with diagnostics:
    Running 'texi2dvi' on 'BD_EM_wImmig.tex' failed.
    LaTeX errors:
    ! LaTeX Error: File `versions.sty' not found.
    
    Type X to quit or <RETURN> to proceed,
    or enter new name. (Default extension: sty)
    
    ! Emergency stop.
    <read *>
    
    l.20 \usepackage
     {amsmath}^^M
    ! ==> Fatal error occurred, no output PDF file produced!
    --- failed re-building ‘BD_EM_wImmig.Rnw’
    
    --- re-building ‘BD_MCMC.Rnw’ using Sweave
    Loading required package: numDeriv
    Error: processing vignette 'BD_MCMC.Rnw' failed with diagnostics:
    Running 'texi2dvi' on 'BD_MCMC.tex' failed.
    LaTeX errors:
    ! LaTeX Error: File `versions.sty' not found.
    
    Type X to quit or <RETURN> to proceed,
    or enter new name. (Default extension: sty)
    
    ! Emergency stop.
    <read *>
    
    l.20 \usepackage
     {amsmath}^^M
    ! ==> Fatal error occurred, no output PDF file produced!
    --- failed re-building ‘BD_MCMC.Rnw’
    
    --- re-building ‘sim_condBD.Rnw’ using Sweave
    Loading required package: numDeriv
    Error: processing vignette 'sim_condBD.Rnw' failed with diagnostics:
    Running 'texi2dvi' on 'sim_condBD.tex' failed.
    LaTeX errors:
    ! LaTeX Error: File `versions.sty' not found.
    
    Type X to quit or <RETURN> to proceed,
    or enter new name. (Default extension: sty)
    
    ! Emergency stop.
    <read *>
    
    l.20 \usepackage
     {amsmath}^^M
    ! ==> Fatal error occurred, no output PDF file produced!
    --- failed re-building ‘sim_condBD.Rnw’
    
    SUMMARY: processing the following files failed:
     ‘BD_EM.Rnw’ ‘BD_EM_wImmig.Rnw’ ‘BD_MCMC.Rnw’ ‘sim_condBD.Rnw’
    
    Error: Vignette re-building failed.
    Execution halted
Flavor: r-release-macos-x86_64