CRAN Package Check Results for Package DIFshiny

Last updated on 2024-04-14 19:50:46 CEST.

Flavor Version Tinstall Tcheck Ttotal Status Flags
r-devel-linux-x86_64-debian-clang 0.1.0 12.53 98.31 110.84 NOTE
r-devel-linux-x86_64-debian-gcc 0.1.0 7.04 76.44 83.48 NOTE
r-devel-linux-x86_64-fedora-clang 0.1.0 136.05 NOTE
r-devel-linux-x86_64-fedora-gcc 0.1.0 129.97 NOTE
r-devel-windows-x86_64 0.1.0 11.00 84.00 95.00 NOTE
r-patched-linux-x86_64 0.1.0 8.47 92.80 101.27 NOTE
r-release-linux-x86_64 0.1.0 14.47 97.71 112.18 NOTE
r-release-macos-arm64 0.1.0 45.00 NOTE
r-release-macos-x86_64 0.1.0 61.00 NOTE
r-release-windows-x86_64 0.1.0 16.00 102.00 118.00 NOTE
r-oldrel-macos-arm64 0.1.0 40.00 NOTE
r-oldrel-windows-x86_64 0.1.0 16.00 107.00 123.00 NOTE

Check Details

Version: 0.1.0
Check: LazyData
Result: NOTE 'LazyData' is specified without a 'data' directory Flavors: r-devel-linux-x86_64-debian-clang, r-devel-linux-x86_64-debian-gcc, r-devel-linux-x86_64-fedora-clang, r-devel-linux-x86_64-fedora-gcc, r-devel-windows-x86_64, r-patched-linux-x86_64, r-release-linux-x86_64, r-release-macos-arm64, r-release-macos-x86_64, r-release-windows-x86_64, r-oldrel-macos-arm64, r-oldrel-windows-x86_64