Last updated on 2024-03-29 07:54:41 CET.
Flavor | Version | Tinstall | Tcheck | Ttotal | Status | Flags |
---|---|---|---|---|---|---|
r-devel-linux-x86_64-debian-clang | 0.9.2 | 8.56 | 92.70 | 101.26 | OK | |
r-devel-linux-x86_64-debian-gcc | 0.9.2 | 7.79 | 69.66 | 77.45 | OK | |
r-devel-linux-x86_64-fedora-clang | 0.9.2 | 137.92 | NOTE | |||
r-devel-linux-x86_64-fedora-gcc | 0.9.2 | 144.25 | NOTE | |||
r-devel-windows-x86_64 | 0.9.2 | 9.00 | 88.00 | 97.00 | OK | |
r-patched-linux-x86_64 | 0.9.2 | 6.36 | 90.28 | 96.64 | OK | |
r-release-linux-x86_64 | 0.9.2 | 5.69 | 90.39 | 96.08 | OK | |
r-release-macos-arm64 | 0.9.2 | 52.00 | OK | |||
r-release-macos-x86_64 | 0.9.2 | 94.00 | OK | |||
r-release-windows-x86_64 | 0.9.2 | 11.00 | 97.00 | 108.00 | OK | |
r-oldrel-macos-arm64 | 0.9.2 | 41.00 | OK | |||
r-oldrel-windows-x86_64 | 0.9.2 | 11.00 | 107.00 | 118.00 | OK |
Version: 0.9.2
Check: dependencies in R code
Result: NOTE
Namespace in Imports field not imported from: ‘rlang’
All declared Imports should be used.
Flavors: r-devel-linux-x86_64-fedora-clang, r-devel-linux-x86_64-fedora-gcc