Last updated on 2023-10-01 08:51:56 CEST.
Flavor | Version | Tinstall | Tcheck | Ttotal | Status | Flags |
---|---|---|---|---|---|---|
r-devel-linux-x86_64-debian-clang | 0.4.6 | 13.02 | 302.20 | 315.22 | OK | |
r-devel-linux-x86_64-debian-gcc | 0.4.6 | 9.65 | 221.16 | 230.81 | OK | |
r-devel-linux-x86_64-fedora-clang | 0.4.6 | 386.37 | NOTE | |||
r-devel-linux-x86_64-fedora-gcc | 0.4.6 | 394.25 | OK | |||
r-devel-windows-x86_64 | 0.4.6 | 12.00 | 238.00 | 250.00 | NOTE | |
r-patched-linux-x86_64 | 0.4.6 | 11.01 | 297.17 | 308.18 | OK | |
r-release-linux-x86_64 | 0.4.6 | 11.32 | 293.32 | 304.64 | OK | |
r-release-macos-arm64 | 0.4.6 | 126.00 | NOTE | |||
r-release-macos-x86_64 | 0.4.6 | 170.00 | NOTE | |||
r-release-windows-x86_64 | 0.4.6 | 16.00 | 302.00 | 318.00 | NOTE | |
r-oldrel-macos-arm64 | 0.4.6 | 110.00 | NOTE | |||
r-oldrel-macos-x86_64 | 0.4.6 | 151.00 | NOTE | |||
r-oldrel-windows-x86_64 | 0.4.6 | 16.00 | 296.00 | 312.00 | NOTE |
Version: 0.4.6
Check: installed package size
Result: NOTE
installed size is 5.5Mb
sub-directories of 1Mb or more:
doc 5.1Mb
Flavors: r-devel-linux-x86_64-fedora-clang, r-devel-windows-x86_64, r-release-macos-arm64, r-release-macos-x86_64, r-release-windows-x86_64, r-oldrel-macos-arm64, r-oldrel-macos-x86_64, r-oldrel-windows-x86_64
Version: 0.4.6
Check: package dependencies
Result: NOTE
Packages suggested but not available for checking: 'spaMM', 'glmmTMB'
Packages which this enhances but not available for checking:
'rstan', 'BayesianTools'
Flavor: r-release-macos-x86_64