Last updated on 2023-10-02 20:11:57 CEST.
Flavor | Version | Tinstall | Tcheck | Ttotal | Status | Flags |
---|---|---|---|---|---|---|
r-devel-linux-x86_64-debian-clang | 1.0.6 | 7.13 | 156.15 | 163.28 | OK | |
r-devel-linux-x86_64-debian-gcc | 1.0.6 | 5.74 | 114.55 | 120.29 | OK | |
r-devel-linux-x86_64-fedora-clang | 1.0.6 | 206.75 | OK | |||
r-devel-linux-x86_64-fedora-gcc | 1.0.6 | 204.41 | OK | |||
r-devel-windows-x86_64 | 1.0.6 | 8.00 | 155.00 | 163.00 | OK | |
r-patched-linux-x86_64 | 1.0.6 | 5.75 | 148.33 | 154.08 | OK | |
r-release-linux-x86_64 | 1.0.6 | 7.51 | 149.98 | 157.49 | OK | |
r-release-macos-arm64 | 1.0.6 | 34.00 | NOTE | |||
r-release-macos-x86_64 | 1.0.6 | 57.00 | NOTE | |||
r-release-windows-x86_64 | 1.0.6 | 10.00 | 169.00 | 179.00 | OK | |
r-oldrel-macos-arm64 | 1.0.6 | 74.00 | OK | |||
r-oldrel-macos-x86_64 | 1.0.6 | 86.00 | OK | |||
r-oldrel-windows-x86_64 | 1.0.6 | 8.00 | 177.00 | 185.00 | OK |
Version: 1.0.6
Check: package dependencies
Result: NOTE
Packages suggested but not available for checking:
'IHW', 'RNASeqPower', 'zFPKM'
Flavors: r-release-macos-arm64, r-release-macos-x86_64