Last updated on 2023-09-25 20:08:46 CEST.
Flavor | Version | Tinstall | Tcheck | Ttotal | Status | Flags |
---|---|---|---|---|---|---|
r-devel-linux-x86_64-debian-clang | 1.0.3 | 31.08 | 322.47 | 353.55 | OK | |
r-devel-linux-x86_64-debian-gcc | 1.0.3 | 29.35 | 237.19 | 266.54 | OK | |
r-devel-linux-x86_64-fedora-clang | 1.0.3 | 431.81 | OK | |||
r-devel-linux-x86_64-fedora-gcc | 1.0.3 | 450.34 | OK | |||
r-devel-windows-x86_64 | 1.0.3 | 28.00 | 220.00 | 248.00 | NOTE | |
r-patched-linux-x86_64 | 1.0.3 | 22.27 | 302.61 | 324.88 | OK | |
r-release-linux-x86_64 | 1.0.3 | 21.70 | 307.05 | 328.75 | OK | |
r-release-macos-arm64 | 1.0.3 | 121.00 | NOTE | |||
r-release-macos-x86_64 | 1.0.3 | 214.00 | NOTE | |||
r-release-windows-x86_64 | 1.0.3 | 38.00 | 294.00 | 332.00 | NOTE | |
r-oldrel-macos-arm64 | 1.0.3 | 82.00 | OK | |||
r-oldrel-macos-x86_64 | 1.0.3 | 148.00 | OK | |||
r-oldrel-windows-x86_64 | 1.0.3 | 38.00 | 282.00 | 320.00 | NOTE |
Version: 1.0.3
Check: package dependencies
Result: NOTE
Package suggested but not available for checking: 'doMC'
Flavors: r-devel-windows-x86_64, r-release-windows-x86_64, r-oldrel-windows-x86_64
Version: 1.0.3
Check: package dependencies
Result: NOTE
Packages suggested but not available for checking: 'GOstats', 'MEGENA'
Flavor: r-release-macos-arm64
Version: 1.0.3
Check: package dependencies
Result: NOTE
Package suggested but not available for checking: ‘GOstats’
Flavor: r-release-macos-x86_64