Last updated on 2024-04-24 07:57:37 CEST.
Flavor | Version | Tinstall | Tcheck | Ttotal | Status | Flags |
---|---|---|---|---|---|---|
r-devel-linux-x86_64-debian-clang | 1.1.0 | 13.46 | 112.56 | 126.02 | OK | |
r-devel-linux-x86_64-debian-gcc | 1.1.0 | 11.34 | 81.46 | 92.80 | OK | |
r-devel-linux-x86_64-fedora-clang | 1.1.0 | 163.57 | NOTE | |||
r-devel-linux-x86_64-fedora-gcc | 1.1.0 | 169.70 | NOTE | |||
r-prerel-macos-arm64 | 1.1.0 | 52.00 | OK | |||
r-prerel-windows-x86_64 | 1.1.0 | 13.00 | 94.00 | 107.00 | OK | |
r-patched-linux-x86_64 | 1.1.0 | 14.92 | 106.04 | 120.96 | OK | |
r-release-linux-x86_64 | 1.1.0 | 13.71 | 106.88 | 120.59 | OK | |
r-release-macos-arm64 | 1.1.0 | 54.00 | OK | |||
r-release-macos-x86_64 | 1.1.0 | 157.00 | OK | |||
r-release-windows-x86_64 | 1.1.0 | 17.00 | 111.00 | 128.00 | OK | |
r-oldrel-macos-arm64 | 1.1.0 | 49.00 | OK | |||
r-oldrel-windows-x86_64 | 1.1.0 | 17.00 | 135.00 | 152.00 | OK |
Version: 1.1.0
Check: dependencies in R code
Result: NOTE
Namespace in Imports field not imported from: ‘knitr’
All declared Imports should be used.
Flavors: r-devel-linux-x86_64-fedora-clang, r-devel-linux-x86_64-fedora-gcc