Last updated on 2024-03-28 19:48:29 CET.
Flavor | Version | Tinstall | Tcheck | Ttotal | Status | Flags |
---|---|---|---|---|---|---|
r-devel-linux-x86_64-debian-clang | 1.2.2 | 8.34 | 96.14 | 104.48 | OK | |
r-devel-linux-x86_64-debian-gcc | 1.2.2 | 5.95 | 72.69 | 78.64 | OK | |
r-devel-linux-x86_64-fedora-clang | 1.2.2 | 134.81 | NOTE | |||
r-devel-linux-x86_64-fedora-gcc | 1.2.2 | 137.85 | OK | |||
r-devel-windows-x86_64 | 1.2.2 | 10.00 | 113.00 | 123.00 | OK | |
r-patched-linux-x86_64 | 1.2.2 | 13.37 | 92.51 | 105.88 | OK | |
r-release-linux-x86_64 | 1.2.2 | 8.00 | 92.45 | 100.45 | OK | |
r-release-macos-arm64 | 1.2.2 | 88.00 | OK | |||
r-release-macos-x86_64 | 1.2.2 | 181.00 | OK | |||
r-release-windows-x86_64 | 1.2.2 | 12.00 | 125.00 | 137.00 | OK | |
r-oldrel-macos-arm64 | 1.2.2 | 81.00 | OK | |||
r-oldrel-windows-x86_64 | 1.2.2 | 15.00 | 111.00 | 126.00 | OK |
Version: 1.2.2
Check: Rd cross-references
Result: NOTE
Undeclared package ‘withr’ in Rd xrefs
Flavor: r-devel-linux-x86_64-fedora-clang