Last updated on 2024-03-28 07:52:47 CET.
Flavor | Version | Tinstall | Tcheck | Ttotal | Status | Flags |
---|---|---|---|---|---|---|
r-devel-linux-x86_64-debian-clang | 1.2.0 | 20.77 | 179.12 | 199.89 | OK | |
r-devel-linux-x86_64-debian-gcc | 1.2.0 | 13.59 | 133.57 | 147.16 | OK | |
r-devel-linux-x86_64-fedora-clang | 1.2.0 | 254.49 | NOTE | |||
r-devel-linux-x86_64-fedora-gcc | 1.2.0 | 255.37 | OK | |||
r-devel-windows-x86_64 | 1.2.0 | 18.00 | 138.00 | 156.00 | NOTE | |
r-patched-linux-x86_64 | 1.2.0 | 15.29 | 177.82 | 193.11 | OK | |
r-release-linux-x86_64 | 1.2.0 | 19.21 | 177.14 | 196.35 | OK | |
r-release-macos-arm64 | 1.2.0 | 84.00 | NOTE | |||
r-release-macos-x86_64 | 1.2.0 | 137.00 | NOTE | |||
r-release-windows-x86_64 | 1.2.0 | 23.00 | 176.00 | 199.00 | NOTE | |
r-oldrel-macos-arm64 | 1.2.0 | 69.00 | NOTE | |||
r-oldrel-windows-x86_64 | 1.2.0 | 23.00 | 182.00 | 205.00 | NOTE |
Version: 1.2.0
Check: installed package size
Result: NOTE
installed size is 5.2Mb
sub-directories of 1Mb or more:
doc 4.4Mb
Flavors: r-devel-linux-x86_64-fedora-clang, r-devel-windows-x86_64, r-release-macos-arm64, r-release-macos-x86_64, r-release-windows-x86_64, r-oldrel-macos-arm64, r-oldrel-windows-x86_64