Last updated on 2023-09-28 08:58:48 CEST.
Flavor | Version | Tinstall | Tcheck | Ttotal | Status | Flags |
---|---|---|---|---|---|---|
r-devel-linux-x86_64-debian-clang | 1.4.8 | 5.14 | 38.93 | 44.07 | OK | |
r-devel-linux-x86_64-debian-gcc | 1.4.8 | 3.48 | 29.99 | 33.47 | OK | |
r-devel-linux-x86_64-fedora-clang | 1.4.8 | 53.21 | NOTE | |||
r-devel-linux-x86_64-fedora-gcc | 1.4.8 | 54.64 | NOTE | |||
r-devel-windows-x86_64 | 1.4.8 | 6.00 | 51.00 | 57.00 | OK | |
r-patched-linux-x86_64 | 1.4.8 | 2.94 | 37.38 | 40.32 | OK | |
r-release-linux-x86_64 | 1.4.8 | 2.88 | 37.53 | 40.41 | OK | |
r-release-macos-arm64 | 1.4.8 | 23.00 | OK | |||
r-release-macos-x86_64 | 1.4.8 | 29.00 | OK | |||
r-release-windows-x86_64 | 1.4.8 | 8.00 | 55.00 | 63.00 | OK | |
r-oldrel-macos-arm64 | 1.4.8 | 20.00 | NOTE | |||
r-oldrel-macos-x86_64 | 1.4.8 | 28.00 | NOTE | |||
r-oldrel-windows-x86_64 | 1.4.8 | 8.00 | 60.00 | 68.00 | OK |
Version: 1.4.8
Check: dependencies in R code
Result: NOTE
Namespaces in Imports field not imported from:
‘DT’ ‘dplyr’ ‘geosphere’ ‘mapdata’ ‘maps’ ‘marmap’ ‘shinydashboard’
‘shinyjs’ ‘stringr’ ‘swfscDAS’
All declared Imports should be used.
Flavors: r-devel-linux-x86_64-fedora-clang, r-devel-linux-x86_64-fedora-gcc, r-oldrel-macos-arm64, r-oldrel-macos-x86_64