Last updated on 2024-03-28 07:52:47 CET.
Flavor | Version | Tinstall | Tcheck | Ttotal | Status | Flags |
---|---|---|---|---|---|---|
r-devel-linux-x86_64-debian-clang | 3.5.8 | 167.07 | 178.09 | 345.16 | OK | |
r-devel-linux-x86_64-debian-gcc | 3.5.8 | 139.40 | 136.42 | 275.82 | OK | |
r-devel-linux-x86_64-fedora-clang | 3.5.8 | 487.92 | OK | |||
r-devel-linux-x86_64-fedora-gcc | 3.5.8 | 484.10 | OK | |||
r-devel-windows-x86_64 | 3.5.8 | 131.00 | 217.00 | 348.00 | OK | |
r-patched-linux-x86_64 | 3.5.8 | 142.89 | 168.59 | 311.48 | OK | |
r-release-linux-x86_64 | 3.5.8 | 156.31 | 173.39 | 329.70 | OK | |
r-release-macos-arm64 | 3.5.8 | 116.00 | NOTE | |||
r-release-macos-x86_64 | 3.5.8 | 193.00 | NOTE | |||
r-release-windows-x86_64 | 3.5.8 | 156.00 | 237.00 | 393.00 | OK | |
r-oldrel-macos-arm64 | 3.5.8 | 120.00 | NOTE | |||
r-oldrel-windows-x86_64 | 3.5.8 | 155.00 | 233.00 | 388.00 | OK |
Version: 3.5.8
Check: installed package size
Result: NOTE
installed size is 8.2Mb
sub-directories of 1Mb or more:
doc 1.9Mb
libs 5.3Mb
Flavors: r-release-macos-arm64, r-release-macos-x86_64, r-oldrel-macos-arm64