Last updated on 2023-09-29 08:53:55 CEST.
Flavor | Version | Tinstall | Tcheck | Ttotal | Status | Flags |
---|---|---|---|---|---|---|
r-devel-linux-x86_64-debian-clang | 0.6-2 | 15.54 | 129.19 | 144.73 | OK | |
r-devel-linux-x86_64-debian-gcc | 0.6-2 | 11.68 | 85.86 | 97.54 | OK | |
r-devel-linux-x86_64-fedora-clang | 0.6-2 | 176.67 | OK | |||
r-devel-linux-x86_64-fedora-gcc | 0.6-2 | 175.01 | OK | |||
r-devel-windows-x86_64 | 0.6-2 | 17.00 | 120.00 | 137.00 | OK | |
r-patched-linux-x86_64 | 0.6-2 | 18.18 | 111.13 | 129.31 | OK | |
r-release-linux-x86_64 | 0.6-2 | 15.07 | 112.07 | 127.14 | OK | |
r-release-macos-arm64 | 0.6-2 | 64.00 | OK | |||
r-release-macos-x86_64 | 0.6-2 | 85.00 | NOTE | |||
r-release-windows-x86_64 | 0.6-2 | 20.00 | 129.00 | 149.00 | OK | |
r-oldrel-macos-arm64 | 0.6-2 | 46.00 | OK | |||
r-oldrel-macos-x86_64 | 0.6-2 | 66.00 | OK | |||
r-oldrel-windows-x86_64 | 0.6-2 | 18.00 | 127.00 | 145.00 | OK |
Version: 0.6-2
Check: package dependencies
Result: NOTE
Package suggested but not available for checking: ‘BiocParallel’
Flavor: r-release-macos-x86_64