CRAN Package Check Results for Package Coinprofile

Last updated on 2023-09-25 08:02:24 CEST.

Flavor Version Tinstall Tcheck Ttotal Status Flags
r-devel-linux-x86_64-debian-clang 0.1.9 3.16 35.23 38.39 NOTE
r-devel-linux-x86_64-debian-gcc 0.1.9 3.06 26.70 29.76 NOTE
r-devel-linux-x86_64-fedora-clang 0.1.9 48.06 NOTE
r-devel-linux-x86_64-fedora-gcc 0.1.9 47.88 NOTE
r-devel-windows-x86_64 0.1.9 5.00 47.00 52.00 NOTE
r-patched-linux-x86_64 0.1.9 3.25 34.80 38.05 NOTE
r-release-linux-x86_64 0.1.9 2.67 34.80 37.47 NOTE
r-release-macos-arm64 0.1.9 19.00 NOTE
r-release-macos-x86_64 0.1.9 26.00 NOTE
r-release-windows-x86_64 0.1.9 5.00 48.00 53.00 NOTE
r-oldrel-macos-arm64 0.1.9 21.00 NOTE
r-oldrel-macos-x86_64 0.1.9 35.00 NOTE
r-oldrel-windows-x86_64 0.1.9 5.00 50.00 55.00 NOTE

Check Details

Version: 0.1.9
Check: LazyData
Result: NOTE
     'LazyData' is specified without a 'data' directory
Flavors: r-devel-linux-x86_64-debian-clang, r-devel-linux-x86_64-debian-gcc, r-devel-linux-x86_64-fedora-clang, r-devel-linux-x86_64-fedora-gcc, r-devel-windows-x86_64, r-patched-linux-x86_64, r-release-linux-x86_64, r-release-macos-arm64, r-release-macos-x86_64, r-release-windows-x86_64, r-oldrel-macos-arm64, r-oldrel-macos-x86_64, r-oldrel-windows-x86_64

Version: 0.1.9
Check: dependencies in R code
Result: NOTE
    Namespaces in Imports field not imported from:
     ‘Rdpack’ ‘coin’ ‘ggplot2’ ‘plyr’
     All declared Imports should be used.
Flavors: r-devel-linux-x86_64-fedora-clang, r-devel-linux-x86_64-fedora-gcc, r-oldrel-macos-arm64, r-oldrel-macos-x86_64