Last updated on 2023-06-09 19:56:20 CEST.
Flavor | Version | Tinstall | Tcheck | Ttotal | Status | Flags |
---|---|---|---|---|---|---|
r-devel-linux-x86_64-debian-clang | 0.6.5 | 10.42 | 81.95 | 92.37 | NOTE | |
r-devel-linux-x86_64-debian-gcc | 0.6.5 | 10.07 | 64.60 | 74.67 | NOTE | |
r-devel-linux-x86_64-fedora-clang | 0.6.5 | 117.74 | NOTE | |||
r-devel-linux-x86_64-fedora-gcc | 0.6.5 | 133.81 | NOTE | |||
r-devel-windows-x86_64 | 0.6.5 | 16.00 | 90.00 | 106.00 | OK | |
r-patched-linux-x86_64 | 0.6.5 | 10.09 | 80.24 | 90.33 | NOTE | |
r-release-linux-x86_64 | 0.6.5 | 9.01 | 79.81 | 88.82 | NOTE | |
r-release-macos-arm64 | 0.6.5 | 46.00 | OK | |||
r-release-macos-x86_64 | 0.6.5 | 73.00 | OK | |||
r-release-windows-x86_64 | 0.6.5 | 14.00 | 100.00 | 114.00 | OK | |
r-oldrel-macos-arm64 | 0.6.5 | 39.00 | OK | |||
r-oldrel-macos-x86_64 | 0.6.5 | 56.00 | OK | |||
r-oldrel-windows-x86_64 | 0.6.5 | 20.00 | 106.00 | 126.00 | OK |
Version: 0.6.5
Check: for non-standard things in the check directory
Result: NOTE
Found the following files/directories:
‘foo.R’ ‘foo.html’
Flavors: r-devel-linux-x86_64-debian-clang, r-devel-linux-x86_64-debian-gcc, r-devel-linux-x86_64-fedora-clang, r-devel-linux-x86_64-fedora-gcc, r-patched-linux-x86_64, r-release-linux-x86_64