Last updated on 2023-09-28 08:58:47 CEST.
Flavor | Version | Tinstall | Tcheck | Ttotal | Status | Flags |
---|---|---|---|---|---|---|
r-devel-linux-x86_64-debian-clang | 0.6.2 | 1.18 | 2.22 | 3.40 | ERROR | |
r-devel-linux-x86_64-debian-gcc | 0.6.2 | 48.32 | 278.79 | 327.11 | OK | |
r-devel-linux-x86_64-fedora-clang | 0.6.2 | 547.76 | NOTE | |||
r-devel-linux-x86_64-fedora-gcc | 0.6.2 | 387.85 | NOTE | |||
r-devel-windows-x86_64 | 0.6.2 | 52.00 | 291.00 | 343.00 | OK | |
r-patched-linux-x86_64 | 0.6.2 | 1.14 | 2.07 | 3.21 | ERROR | |
r-release-linux-x86_64 | 0.6.2 | 0.67 | 1.96 | 2.63 | ERROR | |
r-release-macos-arm64 | 0.6.2 | 115.00 | NOTE | |||
r-release-macos-x86_64 | 0.6.2 | 158.00 | NOTE | |||
r-release-windows-x86_64 | 0.6.2 | 68.00 | 363.00 | 431.00 | OK | |
r-oldrel-macos-arm64 | 0.6.2 | 84.00 | NOTE | |||
r-oldrel-macos-x86_64 | 0.6.2 | 147.00 | NOTE | |||
r-oldrel-windows-x86_64 | 0.6.2 | 68.00 | 357.00 | 425.00 | OK |
Version: 0.6.2
Check: package dependencies
Result: ERROR
Package required but not available: ‘ctsem’
See section ‘The DESCRIPTION file’ in the ‘Writing R Extensions’
manual.
Flavors: r-devel-linux-x86_64-debian-clang, r-patched-linux-x86_64, r-release-linux-x86_64
Version: 0.6.2
Check: data for non-ASCII characters
Result: NOTE
Note: found 59 marked UTF-8 strings
Flavors: r-devel-linux-x86_64-fedora-clang, r-devel-linux-x86_64-fedora-gcc, r-oldrel-macos-arm64, r-oldrel-macos-x86_64
Version: 0.6.2
Check: installed package size
Result: NOTE
installed size is 5.8Mb
sub-directories of 1Mb or more:
data 4.4Mb
Flavors: r-release-macos-arm64, r-release-macos-x86_64, r-oldrel-macos-arm64