Last updated on 2024-03-28 19:48:27 CET.
Flavor | Version | Tinstall | Tcheck | Ttotal | Status | Flags |
---|---|---|---|---|---|---|
r-devel-linux-x86_64-debian-clang | 1.3.2 | 79.29 | 199.71 | 279.00 | OK | |
r-devel-linux-x86_64-debian-gcc | 1.3.2 | 71.68 | 143.13 | 214.81 | OK | |
r-devel-linux-x86_64-fedora-clang | 1.3.2 | 356.83 | OK | |||
r-devel-linux-x86_64-fedora-gcc | 1.3.2 | 384.76 | OK | |||
r-devel-windows-x86_64 | 1.3.2 | 65.00 | 183.00 | 248.00 | OK | |
r-patched-linux-x86_64 | 1.3.2 | 77.50 | 187.64 | 265.14 | OK | |
r-release-linux-x86_64 | 1.3.2 | 80.16 | 190.99 | 271.15 | OK | |
r-release-macos-arm64 | 1.3.2 | 109.00 | NOTE | |||
r-release-macos-x86_64 | 1.3.2 | 202.00 | NOTE | |||
r-release-windows-x86_64 | 1.3.2 | 79.00 | 234.00 | 313.00 | OK | |
r-oldrel-macos-arm64 | 1.3.2 | 107.00 | NOTE | |||
r-oldrel-windows-x86_64 | 1.3.2 | 76.00 | 256.00 | 332.00 | OK |
Version: 1.3.2
Check: installed package size
Result: NOTE
installed size is 9.3Mb
sub-directories of 1Mb or more:
libs 8.0Mb
Flavors: r-release-macos-arm64, r-release-macos-x86_64, r-oldrel-macos-arm64