Last updated on 2024-03-28 19:48:27 CET.
Flavor | Version | Tinstall | Tcheck | Ttotal | Status | Flags |
---|---|---|---|---|---|---|
r-devel-linux-x86_64-debian-clang | 0.1.0 | 6.52 | 72.83 | 79.35 | OK | |
r-devel-linux-x86_64-debian-gcc | 0.1.0 | 5.01 | 53.25 | 58.26 | OK | |
r-devel-linux-x86_64-fedora-clang | 0.1.0 | 97.51 | NOTE | |||
r-devel-linux-x86_64-fedora-gcc | 0.1.0 | 104.82 | NOTE | |||
r-devel-windows-x86_64 | 0.1.0 | 6.00 | 71.00 | 77.00 | OK | |
r-patched-linux-x86_64 | 0.1.0 | 6.62 | 69.04 | 75.66 | OK | |
r-release-linux-x86_64 | 0.1.0 | 5.22 | 67.36 | 72.58 | OK | |
r-release-macos-arm64 | 0.1.0 | 38.00 | OK | |||
r-release-macos-x86_64 | 0.1.0 | 57.00 | OK | |||
r-release-windows-x86_64 | 0.1.0 | 8.00 | 78.00 | 86.00 | OK | |
r-oldrel-macos-arm64 | 0.1.0 | 29.00 | NOTE | |||
r-oldrel-windows-x86_64 | 0.1.0 | 10.00 | 86.00 | 96.00 | OK |
Version: 0.1.0
Check: dependencies in R code
Result: NOTE
Namespace in Imports field not imported from: ‘utils’
All declared Imports should be used.
Flavors: r-devel-linux-x86_64-fedora-clang, r-devel-linux-x86_64-fedora-gcc, r-oldrel-macos-arm64