Last updated on 2023-06-09 19:56:19 CEST.
Flavor | Version | Tinstall | Tcheck | Ttotal | Status | Flags |
---|---|---|---|---|---|---|
r-devel-linux-x86_64-debian-clang | 0.9.0 | 171.92 | 51.82 | 223.74 | NOTE | |
r-devel-linux-x86_64-debian-gcc | 0.9.0 | 125.95 | 39.30 | 165.25 | NOTE | |
r-devel-linux-x86_64-fedora-clang | 0.9.0 | 340.82 | NOTE | |||
r-devel-linux-x86_64-fedora-gcc | 0.9.0 | 328.85 | NOTE | |||
r-devel-windows-x86_64 | 0.9.0 | 131.00 | 88.00 | 219.00 | NOTE | |
r-patched-linux-x86_64 | 0.9.0 | 131.51 | 49.11 | 180.62 | NOTE | |
r-release-linux-x86_64 | 0.9.0 | 133.60 | 49.45 | 183.05 | NOTE | |
r-release-macos-arm64 | 0.9.0 | 81.00 | NOTE | |||
r-release-macos-x86_64 | 0.9.0 | 129.00 | NOTE | |||
r-release-windows-x86_64 | 0.9.0 | 164.00 | 104.00 | 268.00 | NOTE | |
r-oldrel-macos-arm64 | 0.9.0 | 69.00 | NOTE | |||
r-oldrel-macos-x86_64 | 0.9.0 | 120.00 | NOTE | |||
r-oldrel-windows-x86_64 | 0.9.0 | 160.00 | 98.00 | 258.00 | OK |
Version: 0.9.0
Check: C++ specification
Result: NOTE
Specified C++11: please drop specification unless essential
Flavors: r-devel-linux-x86_64-debian-clang, r-devel-linux-x86_64-debian-gcc, r-devel-linux-x86_64-fedora-clang, r-devel-linux-x86_64-fedora-gcc, r-devel-windows-x86_64, r-patched-linux-x86_64, r-release-linux-x86_64, r-release-macos-arm64, r-release-macos-x86_64, r-release-windows-x86_64
Version: 0.9.0
Check: dependencies in R code
Result: NOTE
Namespaces in Imports field not imported from:
‘RInside’ ‘circular’
All declared Imports should be used.
Flavors: r-devel-linux-x86_64-fedora-clang, r-devel-linux-x86_64-fedora-gcc, r-oldrel-macos-arm64, r-oldrel-macos-x86_64
Version: 0.9.0
Check: installed package size
Result: NOTE
installed size is 7.3Mb
sub-directories of 1Mb or more:
data 1.8Mb
libs 5.0Mb
Flavors: r-release-macos-arm64, r-release-macos-x86_64, r-oldrel-macos-arm64, r-oldrel-macos-x86_64