CRAN Package Check Results for Package Chaos01

Last updated on 2023-12-01 07:50:00 CET.

Flavor Version Tinstall Tcheck Ttotal Status Flags
r-devel-linux-x86_64-debian-clang 1.2.1 4.16 27.91 32.07 NOTE
r-devel-linux-x86_64-debian-gcc 1.2.1 3.43 21.76 25.19 NOTE
r-devel-linux-x86_64-fedora-clang 1.2.1 42.74 NOTE
r-devel-linux-x86_64-fedora-gcc 1.2.1 41.39 NOTE
r-devel-windows-x86_64 1.2.1 6.00 46.00 52.00 NOTE
r-patched-linux-x86_64 1.2.1 4.08 27.87 31.95 NOTE
r-release-linux-x86_64 1.2.1 3.74 28.12 31.86 NOTE
r-release-macos-arm64 1.2.1 18.00 NOTE
r-release-macos-x86_64 1.2.1 24.00 NOTE
r-release-windows-x86_64 1.2.1 6.00 47.00 53.00 NOTE
r-oldrel-macos-arm64 1.2.1 17.00 NOTE
r-oldrel-macos-x86_64 1.2.1 23.00 NOTE
r-oldrel-windows-x86_64 1.2.1 8.00 50.00 58.00 NOTE

Check Details

Version: 1.2.1
Check: LazyData
Result: NOTE 'LazyData' is specified without a 'data' directory Flavors: r-devel-linux-x86_64-debian-clang, r-devel-linux-x86_64-debian-gcc, r-devel-linux-x86_64-fedora-clang, r-devel-linux-x86_64-fedora-gcc, r-devel-windows-x86_64, r-patched-linux-x86_64, r-release-linux-x86_64, r-release-macos-arm64, r-release-macos-x86_64, r-release-windows-x86_64, r-oldrel-macos-arm64, r-oldrel-macos-x86_64, r-oldrel-windows-x86_64

Version: 1.2.1
Check: package dependencies
Result: NOTE Package suggested but not available for checking: ‘pbdMPI’ Flavors: r-release-macos-arm64, r-release-macos-x86_64, r-oldrel-macos-arm64, r-oldrel-macos-x86_64