Last updated on 2023-06-06 20:09:40 CEST.
Flavor | Version | Tinstall | Tcheck | Ttotal | Status | Flags |
---|---|---|---|---|---|---|
r-devel-linux-x86_64-debian-clang | 3.6 | 48.93 | 404.72 | 453.65 | OK | |
r-devel-linux-x86_64-debian-gcc | 3.6 | 34.62 | 295.74 | 330.36 | OK | |
r-devel-linux-x86_64-fedora-clang | 3.6 | 586.23 | NOTE | |||
r-devel-linux-x86_64-fedora-gcc | 3.6 | 584.17 | NOTE | |||
r-devel-windows-x86_64 | 3.6 | 31.00 | 238.00 | 269.00 | OK | |
r-patched-linux-x86_64 | 3.6 | 40.05 | 386.89 | 426.94 | OK | |
r-release-linux-x86_64 | 3.6 | 49.38 | 389.17 | 438.55 | OK | |
r-release-macos-arm64 | 3.6 | 123.00 | OK | |||
r-release-macos-x86_64 | 3.6 | 265.00 | OK | |||
r-release-windows-x86_64 | 3.6 | 40.00 | 297.00 | 337.00 | OK | |
r-oldrel-macos-arm64 | 3.6 | 263.00 | OK | |||
r-oldrel-macos-x86_64 | 3.6 | 517.00 | OK | |||
r-oldrel-windows-x86_64 | 3.6 | 40.00 | 285.00 | 325.00 | OK |
Version: 3.6
Check: dependencies in R code
Result: NOTE
Namespace in Imports field not imported from: ‘Rcpp’
All declared Imports should be used.
Flavors: r-devel-linux-x86_64-fedora-clang, r-devel-linux-x86_64-fedora-gcc