Last updated on 2024-04-18 08:54:23 CEST.
Flavor | Version | Tinstall | Tcheck | Ttotal | Status | Flags |
---|---|---|---|---|---|---|
r-devel-linux-x86_64-debian-clang | 1.0.1 | 23.08 | 33.30 | 56.38 | OK | |
r-devel-linux-x86_64-debian-gcc | 1.0.1 | 18.76 | 26.46 | 45.22 | OK | |
r-devel-linux-x86_64-fedora-clang | 1.0.1 | 78.97 | NOTE | |||
r-devel-linux-x86_64-fedora-gcc | 1.0.1 | 74.70 | OK | |||
r-prerel-macos-arm64 | 1.0.1 | 25.00 | OK | |||
r-prerel-windows-x86_64 | 1.0.1 | 19.00 | 71.00 | 90.00 | OK | |
r-patched-linux-x86_64 | 1.0.1 | 25.23 | 33.02 | 58.25 | OK | |
r-release-linux-x86_64 | 1.0.1 | 22.77 | 33.67 | 56.44 | OK | |
r-release-macos-arm64 | 1.0.1 | 27.00 | OK | |||
r-release-macos-x86_64 | 1.0.1 | 38.00 | OK | |||
r-release-windows-x86_64 | 1.0.1 | 18.00 | 73.00 | 91.00 | OK | |
r-oldrel-macos-arm64 | 1.0.1 | 28.00 | OK | |||
r-oldrel-windows-x86_64 | 1.0.1 | 24.00 | 69.00 | 93.00 | OK |
Version: 1.0.1
Check: Rd cross-references
Result: NOTE
Undeclared package ‘sitmo’ in Rd xrefs
Flavor: r-devel-linux-x86_64-fedora-clang