Last updated on 2024-04-19 07:56:37 CEST.
Flavor | Version | Tinstall | Tcheck | Ttotal | Status | Flags |
---|---|---|---|---|---|---|
r-devel-linux-x86_64-debian-clang | 0.1.1 | 13.12 | 161.30 | 174.42 | NOTE | |
r-devel-linux-x86_64-debian-gcc | 0.1.1 | NOTE | ||||
r-devel-linux-x86_64-fedora-clang | 0.1.1 | 218.56 | NOTE | |||
r-devel-linux-x86_64-fedora-gcc | 0.1.1 | 215.84 | NOTE | |||
r-prerel-macos-arm64 | 0.1.1 | 65.00 | NOTE | |||
r-prerel-windows-x86_64 | 0.1.1 | 11.00 | 122.00 | 133.00 | NOTE | |
r-patched-linux-x86_64 | 0.1.1 | 9.93 | 154.36 | 164.29 | NOTE | |
r-release-linux-x86_64 | 0.1.1 | 10.61 | 154.13 | 164.74 | OK | |
r-release-macos-arm64 | 0.1.1 | 74.00 | OK | |||
r-release-macos-x86_64 | 0.1.1 | 94.00 | OK | |||
r-release-windows-x86_64 | 0.1.1 | 17.00 | 156.00 | 173.00 | OK | |
r-oldrel-macos-arm64 | 0.1.1 | 57.00 | OK | |||
r-oldrel-windows-x86_64 | 0.1.1 | 17.00 | 154.00 | 171.00 | OK |
Version: 0.1.1
Check: Rd files
Result: NOTE
checkRd: (-1) as.mbsts.Rd:71: Lost braces; missing escapes or markup?
71 | \item{states.samples}{(\code{niter}- \code{burn}) draws from p(alpha_t | Y_{1:T}).}
| ^
checkRd: (-1) mcmc.Rd:61: Lost braces; missing escapes or markup?
61 | \item{states.samples}{(\code{niter}- \code{burn}) draws from p(alpha_t | Y_{1:T}).}
| ^
Flavors: r-devel-linux-x86_64-debian-clang, r-devel-linux-x86_64-debian-gcc, r-devel-linux-x86_64-fedora-clang, r-devel-linux-x86_64-fedora-gcc, r-prerel-macos-arm64, r-prerel-windows-x86_64, r-patched-linux-x86_64