Last updated on 2023-10-04 08:01:33 CEST.
Flavor | Version | Tinstall | Tcheck | Ttotal | Status | Flags |
---|---|---|---|---|---|---|
r-devel-linux-x86_64-debian-clang | 2.0.3 | 22.66 | 53.91 | 76.57 | NOTE | |
r-devel-linux-x86_64-debian-gcc | 2.0.3 | 19.17 | 38.27 | 57.44 | NOTE | |
r-devel-linux-x86_64-fedora-clang | 2.0.3 | 105.20 | NOTE | |||
r-devel-linux-x86_64-fedora-gcc | 2.0.3 | 101.23 | NOTE | |||
r-devel-windows-x86_64 | 2.0.3 | 21.00 | 80.00 | 101.00 | NOTE | |
r-patched-linux-x86_64 | 2.0.3 | 25.28 | 52.76 | 78.04 | NOTE | |
r-release-linux-x86_64 | 2.0.3 | 24.99 | 52.65 | 77.64 | NOTE | |
r-release-macos-arm64 | 2.0.3 | 30.00 | NOTE | |||
r-release-macos-x86_64 | 2.0.3 | 49.00 | NOTE | |||
r-release-windows-x86_64 | 2.0.3 | 26.00 | 89.00 | 115.00 | NOTE | |
r-oldrel-macos-arm64 | 2.0.3 | 30.00 | OK | |||
r-oldrel-macos-x86_64 | 2.0.3 | 41.00 | OK | |||
r-oldrel-windows-x86_64 | 2.0.3 | 27.00 | 81.00 | 108.00 | OK |
Version: 2.0.3
Check: C++ specification
Result: NOTE
Specified C++14: please drop specification unless essential
Flavors: r-devel-linux-x86_64-debian-clang, r-devel-linux-x86_64-debian-gcc, r-devel-linux-x86_64-fedora-clang, r-devel-linux-x86_64-fedora-gcc, r-devel-windows-x86_64, r-patched-linux-x86_64, r-release-linux-x86_64, r-release-macos-arm64, r-release-macos-x86_64, r-release-windows-x86_64