CRAN Package Check Results for Package CatEncoders

Last updated on 2023-10-01 19:57:40 CEST.

Flavor Version Tinstall Tcheck Ttotal Status Flags
r-devel-linux-x86_64-debian-clang 0.1.1 2.98 30.31 33.29 NOTE
r-devel-linux-x86_64-debian-gcc 0.1.1 2.12 23.04 25.16 NOTE
r-devel-linux-x86_64-fedora-clang 0.1.1 40.46 NOTE
r-devel-linux-x86_64-fedora-gcc 0.1.1 39.18 NOTE
r-devel-windows-x86_64 0.1.1 3.00 47.00 50.00 NOTE
r-patched-linux-x86_64 0.1.1 2.66 29.11 31.77 NOTE
r-release-linux-x86_64 0.1.1 2.56 28.67 31.23 NOTE
r-release-macos-arm64 0.1.1 17.00 NOTE
r-release-macos-x86_64 0.1.1 23.00 NOTE
r-release-windows-x86_64 0.1.1 4.00 46.00 50.00 NOTE
r-oldrel-macos-arm64 0.1.1 20.00 NOTE
r-oldrel-macos-x86_64 0.1.1 24.00 NOTE
r-oldrel-windows-x86_64 0.1.1 4.00 48.00 52.00 NOTE

Check Details

Version: 0.1.1
Check: LazyData
Result: NOTE
     'LazyData' is specified without a 'data' directory
Flavors: r-devel-linux-x86_64-debian-clang, r-devel-linux-x86_64-debian-gcc, r-devel-linux-x86_64-fedora-clang, r-devel-linux-x86_64-fedora-gcc, r-devel-windows-x86_64, r-patched-linux-x86_64, r-release-linux-x86_64, r-release-macos-arm64, r-release-macos-x86_64, r-release-windows-x86_64, r-oldrel-macos-arm64, r-oldrel-macos-x86_64, r-oldrel-windows-x86_64

Version: 0.1.1
Check: dependencies in R code
Result: NOTE
    Namespace in Imports field not imported from: ‘Matrix’
     All declared Imports should be used.
Flavors: r-devel-linux-x86_64-fedora-clang, r-devel-linux-x86_64-fedora-gcc, r-oldrel-macos-x86_64