Last updated on 2024-04-19 19:50:09 CEST.
Flavor | Version | Tinstall | Tcheck | Ttotal | Status | Flags |
---|---|---|---|---|---|---|
r-devel-linux-x86_64-debian-clang | 1.3.0 | 10.84 | 113.97 | 124.81 | NOTE | |
r-devel-linux-x86_64-debian-gcc | 1.3.0 | NOTE | ||||
r-devel-linux-x86_64-fedora-clang | 1.3.0 | 158.47 | NOTE | |||
r-devel-linux-x86_64-fedora-gcc | 1.3.0 | 150.39 | NOTE | |||
r-prerel-macos-arm64 | 1.3.0 | 47.00 | NOTE | |||
r-prerel-windows-x86_64 | 1.3.0 | 9.00 | 97.00 | 106.00 | NOTE | |
r-patched-linux-x86_64 | 1.3.0 | 11.88 | 110.53 | 122.41 | NOTE | |
r-release-linux-x86_64 | 1.3.0 | 8.02 | 110.42 | 118.44 | NOTE | |
r-release-macos-arm64 | 1.3.0 | 46.00 | NOTE | |||
r-release-macos-x86_64 | 1.3.0 | 75.00 | NOTE | |||
r-release-windows-x86_64 | 1.3.0 | 13.00 | 116.00 | 129.00 | NOTE | |
r-oldrel-macos-arm64 | 1.3.0 | 49.00 | NOTE | |||
r-oldrel-windows-x86_64 | 1.3.0 | 13.00 | 118.00 | 131.00 | NOTE |
Version: 1.3.0
Check: package dependencies
Result: NOTE
Package suggested but not available for checking: ‘ReGenesees’
Flavors: r-devel-linux-x86_64-debian-clang, r-devel-linux-x86_64-debian-gcc, r-devel-linux-x86_64-fedora-clang, r-devel-linux-x86_64-fedora-gcc, r-prerel-macos-arm64, r-prerel-windows-x86_64, r-patched-linux-x86_64, r-release-linux-x86_64, r-release-macos-arm64, r-release-macos-x86_64, r-release-windows-x86_64, r-oldrel-macos-arm64, r-oldrel-windows-x86_64