Last updated on 2024-04-23 19:50:41 CEST.
Flavor | Version | Tinstall | Tcheck | Ttotal | Status | Flags |
---|---|---|---|---|---|---|
r-devel-linux-x86_64-debian-clang | 0.1.1 | 49.53 | 37.31 | 86.84 | OK | |
r-devel-linux-x86_64-debian-gcc | 0.1.1 | 39.78 | 28.47 | 68.25 | OK | |
r-devel-linux-x86_64-fedora-clang | 0.1.1 | 116.37 | OK | |||
r-devel-linux-x86_64-fedora-gcc | 0.1.1 | 125.31 | OK | |||
r-prerel-macos-arm64 | 0.1.1 | 33.00 | NOTE | |||
r-prerel-windows-x86_64 | 0.1.1 | 39.00 | 74.00 | 113.00 | OK | |
r-patched-linux-x86_64 | 0.1.1 | 55.71 | 35.78 | 91.49 | OK | |
r-release-linux-x86_64 | 0.1.1 | 43.28 | 35.78 | 79.06 | OK | |
r-release-macos-arm64 | 0.1.1 | 37.00 | NOTE | |||
r-release-macos-x86_64 | 0.1.1 | 55.00 | NOTE | |||
r-release-windows-x86_64 | 0.1.1 | 50.00 | 79.00 | 129.00 | OK | |
r-oldrel-macos-arm64 | 0.1.1 | 40.00 | NOTE | |||
r-oldrel-windows-x86_64 | 0.1.1 | 47.00 | 76.00 | 123.00 | OK |
Version: 0.1.1
Check: installed package size
Result: NOTE
installed size is 5.0Mb
sub-directories of 1Mb or more:
libs 4.2Mb
Flavors: r-prerel-macos-arm64, r-release-macos-arm64, r-release-macos-x86_64, r-oldrel-macos-arm64