Last updated on 2023-06-01 08:55:59 CEST.
Flavor | Version | Tinstall | Tcheck | Ttotal | Status | Flags |
---|---|---|---|---|---|---|
r-devel-linux-x86_64-debian-clang | 0.2.3 | 17.67 | 433.59 | 451.26 | OK | |
r-devel-linux-x86_64-debian-gcc | 0.2.3 | 13.00 | 304.33 | 317.33 | OK | |
r-devel-linux-x86_64-fedora-clang | 0.2.3 | 212.56 | NOTE | |||
r-devel-linux-x86_64-fedora-gcc | 0.2.3 | 212.15 | NOTE | |||
r-devel-windows-x86_64 | 0.2.3 | 16.00 | 305.00 | 321.00 | OK | |
r-patched-linux-x86_64 | 0.2.3 | OK | ||||
r-release-linux-x86_64 | 0.2.3 | 13.50 | 385.79 | 399.29 | OK | |
r-release-macos-arm64 | 0.2.3 | 197.00 | NOTE | |||
r-release-macos-x86_64 | 0.2.3 | 311.00 | NOTE | |||
r-release-windows-x86_64 | 0.2.3 | 21.00 | 382.00 | 403.00 | OK | |
r-oldrel-macos-arm64 | 0.2.3 | 157.00 | OK | |||
r-oldrel-macos-x86_64 | 0.2.3 | 193.00 | OK | |||
r-oldrel-windows-x86_64 | 0.2.3 | 21.00 | 374.00 | 395.00 | OK |
Version: 0.2.3
Check: package dependencies
Result: NOTE
Packages suggested but not available for checking: 'conos', 'pagoda2'
Flavors: r-devel-linux-x86_64-fedora-clang, r-devel-linux-x86_64-fedora-gcc
Version: 0.2.3
Check: package dependencies
Result: NOTE
Package suggested but not available for checking: ‘rhdf5’
Flavors: r-release-macos-arm64, r-release-macos-x86_64