Last updated on 2023-05-27 19:56:22 CEST.
Flavor | Version | Tinstall | Tcheck | Ttotal | Status | Flags |
---|---|---|---|---|---|---|
r-devel-linux-x86_64-debian-clang | 0.2.3 | 12.37 | 580.08 | 592.45 | OK | |
r-devel-linux-x86_64-debian-gcc | 0.2.3 | 10.33 | 395.66 | 405.99 | OK | |
r-devel-linux-x86_64-fedora-clang | 0.2.3 | 700.19 | NOTE | |||
r-devel-linux-x86_64-fedora-gcc | 0.2.3 | 687.01 | OK | |||
r-devel-windows-x86_64 | 0.2.3 | 13.00 | 242.00 | 255.00 | OK | |
r-patched-linux-x86_64 | 0.2.3 | 12.58 | 528.60 | 541.18 | OK | |
r-release-linux-x86_64 | 0.2.3 | 13.95 | 526.84 | 540.79 | OK | |
r-release-macos-arm64 | 0.2.3 | 153.00 | OK | |||
r-release-macos-x86_64 | 0.2.1 | 265.00 | NOTE | |||
r-release-windows-x86_64 | 0.2.3 | 15.00 | 308.00 | 323.00 | OK | |
r-oldrel-macos-arm64 | 0.2.3 | 137.00 | OK | |||
r-oldrel-macos-x86_64 | 0.2.3 | 229.00 | OK | |||
r-oldrel-windows-x86_64 | 0.2.3 | 16.00 | 298.00 | 314.00 | OK |
Version: 0.2.3
Check: package dependencies
Result: NOTE
Package suggested but not available for checking: ‘baggr’
Flavor: r-devel-linux-x86_64-fedora-clang
Version: 0.2.1
Check: package dependencies
Result: NOTE
Package suggested but not available for checking: ‘baggr’
Flavor: r-release-macos-x86_64