Last updated on 2024-03-29 07:54:40 CET.
Flavor | Version | Tinstall | Tcheck | Ttotal | Status | Flags |
---|---|---|---|---|---|---|
r-devel-linux-x86_64-debian-clang | 1.1.1 | 160.03 | 38.80 | 198.83 | OK | |
r-devel-linux-x86_64-debian-gcc | 1.1.1 | 112.24 | 29.61 | 141.85 | OK | |
r-devel-linux-x86_64-fedora-clang | 1.1.1 | 298.04 | OK | |||
r-devel-linux-x86_64-fedora-gcc | 1.1.1 | 286.05 | OK | |||
r-devel-windows-x86_64 | 1.1.1 | 118.00 | 79.00 | 197.00 | NOTE | |
r-patched-linux-x86_64 | 1.1.1 | 145.98 | 37.23 | 183.21 | OK | |
r-release-linux-x86_64 | 1.1.1 | 145.49 | 37.19 | 182.68 | OK | |
r-release-macos-arm64 | 1.1.1 | 66.00 | NOTE | |||
r-release-macos-x86_64 | 1.1.1 | 122.00 | NOTE | |||
r-release-windows-x86_64 | 1.1.1 | 145.00 | 84.00 | 229.00 | NOTE | |
r-oldrel-macos-arm64 | 1.1.1 | 62.00 | NOTE | |||
r-oldrel-windows-x86_64 | 1.1.1 | 136.00 | 78.00 | 214.00 | OK |
Version: 1.1.1
Check: C++ specification
Result: NOTE
Specified C++11: please drop specification unless essential
Flavors: r-devel-windows-x86_64, r-release-windows-x86_64
Version: 1.1.1
Check: installed package size
Result: NOTE
installed size is 5.5Mb
sub-directories of 1Mb or more:
libs 5.3Mb
Flavors: r-release-macos-arm64, r-release-macos-x86_64, r-oldrel-macos-arm64