Last updated on 2023-06-08 19:54:06 CEST.
Flavor | Version | Tinstall | Tcheck | Ttotal | Status | Flags |
---|---|---|---|---|---|---|
r-devel-linux-x86_64-debian-clang | 1.1.1 | 148.05 | 37.45 | 185.50 | OK | |
r-devel-linux-x86_64-debian-gcc | 1.1.1 | 111.52 | 29.14 | 140.66 | OK | |
r-devel-linux-x86_64-fedora-clang | 1.1.1 | 281.30 | OK | |||
r-devel-linux-x86_64-fedora-gcc | 1.1.1 | 281.69 | OK | |||
r-devel-windows-x86_64 | 1.1.1 | 113.00 | 78.00 | 191.00 | NOTE | |
r-patched-linux-x86_64 | 1.1.1 | 119.32 | 36.52 | 155.84 | OK | |
r-release-linux-x86_64 | 1.1.1 | 126.27 | 36.74 | 163.01 | OK | |
r-release-macos-arm64 | 1.1.1 | 66.00 | NOTE | |||
r-release-macos-x86_64 | 1.1.1 | 122.00 | NOTE | |||
r-release-windows-x86_64 | 1.1.1 | 145.00 | 83.00 | 228.00 | NOTE | |
r-oldrel-macos-arm64 | 1.1.1 | 62.00 | NOTE | |||
r-oldrel-macos-x86_64 | 1.1.1 | 90.00 | NOTE | |||
r-oldrel-windows-x86_64 | 1.1.1 | 133.00 | 79.00 | 212.00 | OK |
Version: 1.1.1
Check: C++ specification
Result: NOTE
Specified C++11: please drop specification unless essential
Flavors: r-devel-windows-x86_64, r-release-windows-x86_64
Version: 1.1.1
Check: installed package size
Result: NOTE
installed size is 5.5Mb
sub-directories of 1Mb or more:
libs 5.3Mb
Flavors: r-release-macos-arm64, r-release-macos-x86_64, r-oldrel-macos-arm64, r-oldrel-macos-x86_64