Last updated on 2024-04-20 07:56:01 CEST.
Flavor | Version | Tinstall | Tcheck | Ttotal | Status | Flags |
---|---|---|---|---|---|---|
r-devel-linux-x86_64-debian-clang | 1.57.3 | 80.77 | 59.69 | 140.46 | NOTE | |
r-devel-linux-x86_64-debian-gcc | 1.57.3 | 63.07 | 42.21 | 105.28 | NOTE | |
r-devel-linux-x86_64-fedora-clang | 1.57.3 | 154.37 | NOTE | |||
r-devel-linux-x86_64-fedora-gcc | 1.57.3 | 196.02 | NOTE | |||
r-prerel-macos-arm64 | 1.57.3 | 42.00 | NOTE | |||
r-prerel-windows-x86_64 | 1.57.3 | 86.00 | 84.00 | 170.00 | NOTE | |
r-patched-linux-x86_64 | 1.57.3 | 80.67 | 54.85 | 135.52 | NOTE | |
r-release-linux-x86_64 | 1.57.3 | 81.03 | 57.38 | 138.41 | OK | |
r-release-macos-arm64 | 1.57.3 | 51.00 | OK | |||
r-release-macos-x86_64 | 1.57.3 | 79.00 | OK | |||
r-release-windows-x86_64 | 1.57.3 | 92.00 | 96.00 | 188.00 | OK | |
r-oldrel-macos-arm64 | 1.57.3 | 47.00 | OK | |||
r-oldrel-windows-x86_64 | 1.57.3 | 69.00 | 93.00 | 162.00 | OK |
Version: 1.57.3
Check: Rd files
Result: NOTE
checkRd: (-1) cvGen.Rd:29: Lost braces
29 | The function code{gatherFromList} returns a list with components containing elements of the same name.
| ^
Flavors: r-devel-linux-x86_64-debian-clang, r-devel-linux-x86_64-debian-gcc, r-devel-linux-x86_64-fedora-clang, r-devel-linux-x86_64-fedora-gcc, r-prerel-macos-arm64, r-prerel-windows-x86_64, r-patched-linux-x86_64