Last updated on 2024-03-29 07:54:40 CET.
Flavor | Version | Tinstall | Tcheck | Ttotal | Status | Flags |
---|---|---|---|---|---|---|
r-devel-linux-x86_64-debian-clang | 3.7.2 | 77.22 | 809.47 | 886.69 | NOTE | |
r-devel-linux-x86_64-debian-gcc | 3.7.2 | 66.24 | 606.79 | 673.03 | NOTE | |
r-devel-linux-x86_64-fedora-clang | 3.7.2 | 1157.30 | NOTE | |||
r-devel-linux-x86_64-fedora-gcc | 3.7.2 | 1099.96 | NOTE | |||
r-devel-windows-x86_64 | 3.7.2 | 69.00 | 549.00 | 618.00 | NOTE | |
r-patched-linux-x86_64 | 3.7.2 | 74.13 | 784.05 | 858.18 | NOTE | |
r-release-linux-x86_64 | 3.7.2 | 77.20 | 767.72 | 844.92 | OK | |
r-release-macos-arm64 | 3.7.2 | 5.00 | ERROR | |||
r-release-macos-x86_64 | 3.7.2 | 539.00 | NOTE | |||
r-release-windows-x86_64 | 3.7.2 | 94.00 | 734.00 | 828.00 | NOTE | |
r-oldrel-macos-arm64 | 3.7.2 | 11.00 | ERROR | |||
r-oldrel-windows-x86_64 | 3.7.2 | 89.00 | 659.00 | 748.00 | NOTE |
Version: 3.7.2
Check: package dependencies
Result: NOTE
Package suggested but not available for checking: ‘HiCseg’
Flavors: r-devel-linux-x86_64-debian-clang, r-devel-linux-x86_64-debian-gcc, r-devel-linux-x86_64-fedora-clang, r-devel-linux-x86_64-fedora-gcc, r-patched-linux-x86_64
Version: 3.7.2
Check: installed package size
Result: NOTE
installed size is 5.3Mb
sub-directories of 1Mb or more:
doc 3.2Mb
extdata 1.7Mb
Flavors: r-devel-linux-x86_64-fedora-clang, r-devel-windows-x86_64, r-release-macos-x86_64, r-release-windows-x86_64, r-oldrel-windows-x86_64
Version: 3.7.2
Check: dependencies in R code
Result: NOTE
Namespace in Imports field not imported from: 'Hmisc'
All declared Imports should be used.
Flavors: r-devel-linux-x86_64-fedora-clang, r-devel-linux-x86_64-fedora-gcc
Version: 3.7.2
Check: package dependencies
Result: ERROR
Package required but not available: ‘GenomicInteractions’
Packages suggested but not available for checking:
'InteractionSet', 'BSgenome.Hsapiens.UCSC.hg19'
See section ‘The DESCRIPTION file’ in the ‘Writing R Extensions’
manual.
Flavor: r-release-macos-arm64
Version: 3.7.2
Check: package dependencies
Result: NOTE
Package suggested but not available for checking: ‘BSgenome.Hsapiens.UCSC.hg19’
Flavor: r-release-macos-x86_64
Version: 3.7.2
Check: package dependencies
Result: ERROR
Package required but not available: ‘GenomicInteractions’
Package suggested but not available for checking: ‘BSgenome.Hsapiens.UCSC.hg19’
See section ‘The DESCRIPTION file’ in the ‘Writing R Extensions’
manual.
Flavor: r-oldrel-macos-arm64