Last updated on 2024-03-28 19:48:27 CET.
Flavor | Version | Tinstall | Tcheck | Ttotal | Status | Flags |
---|---|---|---|---|---|---|
r-devel-linux-x86_64-debian-clang | 0.1.0 | 2.05 | 19.88 | 21.93 | NOTE | |
r-devel-linux-x86_64-debian-gcc | 0.1.0 | 1.86 | 15.88 | 17.74 | NOTE | |
r-devel-linux-x86_64-fedora-clang | 0.1.0 | 29.52 | NOTE | |||
r-devel-linux-x86_64-fedora-gcc | 0.1.0 | 27.85 | NOTE | |||
r-devel-windows-x86_64 | 0.1.0 | 4.00 | 36.00 | 40.00 | NOTE | |
r-patched-linux-x86_64 | 0.1.0 | 1.48 | 19.77 | 21.25 | NOTE | |
r-release-linux-x86_64 | 0.1.0 | 1.38 | 19.43 | 20.81 | NOTE | |
r-release-macos-arm64 | 0.1.0 | 16.00 | NOTE | |||
r-release-macos-x86_64 | 0.1.0 | 19.00 | NOTE | |||
r-release-windows-x86_64 | 0.1.0 | 4.00 | 36.00 | 40.00 | NOTE | |
r-oldrel-macos-arm64 | 0.1.0 | 15.00 | NOTE | |||
r-oldrel-windows-x86_64 | 0.1.0 | 4.00 | 41.00 | 45.00 | NOTE |
Version: 0.1.0
Check: LazyData
Result: NOTE
'LazyData' is specified without a 'data' directory
Flavors: r-devel-linux-x86_64-debian-clang, r-devel-linux-x86_64-debian-gcc, r-devel-linux-x86_64-fedora-clang, r-devel-linux-x86_64-fedora-gcc, r-devel-windows-x86_64, r-patched-linux-x86_64, r-release-linux-x86_64, r-release-macos-arm64, r-release-macos-x86_64, r-release-windows-x86_64, r-oldrel-macos-arm64, r-oldrel-windows-x86_64
Version: 0.1.0
Check: dependencies in R code
Result: NOTE
Namespaces in Imports field not imported from:
‘Matrix’ ‘caret’ ‘e1071’ ‘epitools’ ‘shiny’ ‘shinyMatrix’
All declared Imports should be used.
Flavors: r-devel-linux-x86_64-fedora-clang, r-devel-linux-x86_64-fedora-gcc, r-oldrel-macos-arm64