Last updated on 2024-04-18 20:55:29 CEST.
Flavor | Version | Tinstall | Tcheck | Ttotal | Status | Flags |
---|---|---|---|---|---|---|
r-devel-linux-x86_64-debian-clang | 0.2.3 | 68.72 | 77.76 | 146.48 | NOTE | |
r-devel-linux-x86_64-debian-gcc | 0.2.3 | 58.16 | 62.58 | 120.74 | NOTE | |
r-devel-linux-x86_64-fedora-clang | 0.2.3 | 187.58 | NOTE | |||
r-devel-linux-x86_64-fedora-gcc | 0.2.3 | 208.36 | NOTE | |||
r-prerel-macos-arm64 | 0.2.3 | 50.00 | NOTE | |||
r-prerel-windows-x86_64 | 0.2.3 | 53.00 | 103.00 | 156.00 | NOTE | |
r-patched-linux-x86_64 | 0.2.3 | 67.07 | 78.15 | 145.22 | NOTE | |
r-release-linux-x86_64 | 0.2.3 | 63.13 | 80.80 | 143.93 | NOTE | |
r-release-macos-arm64 | 0.2.3 | 57.00 | NOTE | |||
r-release-macos-x86_64 | 0.2.3 | 89.00 | NOTE | |||
r-release-windows-x86_64 | 0.2.3 | 64.00 | 124.00 | 188.00 | NOTE | |
r-oldrel-macos-arm64 | 0.2.3 | 48.00 | NOTE | |||
r-oldrel-windows-x86_64 | 0.2.3 | 61.00 | 110.00 | 171.00 | NOTE |
Version: 0.2.3
Check: LazyData
Result: NOTE
'LazyData' is specified without a 'data' directory
Flavors: r-devel-linux-x86_64-debian-clang, r-devel-linux-x86_64-debian-gcc, r-devel-linux-x86_64-fedora-clang, r-devel-linux-x86_64-fedora-gcc, r-prerel-macos-arm64, r-prerel-windows-x86_64, r-patched-linux-x86_64, r-release-linux-x86_64, r-release-macos-arm64, r-release-macos-x86_64, r-release-windows-x86_64, r-oldrel-macos-arm64, r-oldrel-windows-x86_64
Version: 0.2.3
Check: installed package size
Result: NOTE
installed size is 21.2Mb
sub-directories of 1Mb or more:
libs 20.9Mb
Flavors: r-prerel-macos-arm64, r-release-macos-arm64, r-release-macos-x86_64, r-oldrel-macos-arm64