CRAN Package Check Results for Package CIAAWconsensus

Last updated on 2023-10-01 08:51:54 CEST.

Flavor Version Tinstall Tcheck Ttotal Status Flags
r-devel-linux-x86_64-debian-clang 1.3 3.08 33.77 36.85 OK
r-devel-linux-x86_64-debian-gcc 1.3 2.12 26.40 28.52 OK
r-devel-linux-x86_64-fedora-clang 1.3 46.45 NOTE
r-devel-linux-x86_64-fedora-gcc 1.3 44.15 NOTE
r-devel-windows-x86_64 1.3 3.00 51.00 54.00 OK
r-patched-linux-x86_64 1.3 2.98 33.53 36.51 OK
r-release-linux-x86_64 1.3 2.99 33.46 36.45 OK
r-release-macos-arm64 1.3 27.00 OK
r-release-macos-x86_64 1.3 28.00 OK
r-release-windows-x86_64 1.3 4.00 54.00 58.00 OK
r-oldrel-macos-arm64 1.3 20.00 NOTE
r-oldrel-macos-x86_64 1.3 27.00 NOTE
r-oldrel-windows-x86_64 1.3 5.00 57.00 62.00 OK

Check Details

Version: 1.3
Check: dependencies in R code
Result: NOTE
    Namespaces in Imports field not imported from:
     ‘Matrix’ ‘stringr’
     All declared Imports should be used.
Flavors: r-devel-linux-x86_64-fedora-clang, r-devel-linux-x86_64-fedora-gcc, r-oldrel-macos-arm64, r-oldrel-macos-x86_64