Last updated on 2023-12-04 07:50:50 CET.
Flavor | Version | Tinstall | Tcheck | Ttotal | Status | Flags |
---|---|---|---|---|---|---|
r-devel-linux-x86_64-debian-clang | 2.0.0 | 26.03 | 347.26 | 373.29 | NOTE | |
r-devel-linux-x86_64-debian-gcc | 2.0.0 | 14.95 | 252.86 | 267.81 | NOTE | |
r-devel-linux-x86_64-fedora-clang | 2.0.0 | 443.27 | NOTE | |||
r-devel-linux-x86_64-fedora-gcc | 2.0.0 | 440.73 | OK | |||
r-devel-windows-x86_64 | 2.0.0 | 23.00 | 384.00 | 407.00 | OK | |
r-patched-linux-x86_64 | 2.0.0 | 24.48 | 328.99 | 353.47 | OK | |
r-release-linux-x86_64 | 2.0.0 | 21.59 | 330.22 | 351.81 | OK | |
r-release-macos-arm64 | 2.0.0 | 140.00 | OK | |||
r-release-macos-x86_64 | 2.0.0 | 257.00 | OK | |||
r-release-windows-x86_64 | 2.0.0 | 23.00 | 444.00 | 467.00 | OK | |
r-oldrel-macos-arm64 | 2.0.0 | 134.00 | OK | |||
r-oldrel-macos-x86_64 | 2.0.0 | 233.00 | OK | |||
r-oldrel-windows-x86_64 | 2.0.0 | 37.00 | 442.00 | 479.00 | OK |
Version: 2.0.0
Check: Rd files
Result: NOTE
checkRd: (-1) logB.to.OBIGT.Rd:39: Lost braces
39 | To avoid overfitting, only the first three parameters (code{G}, \code{S}, and \code{c1}) are used by default.
| ^
checkRd: (-1) util.fasta.Rd:39: Lost braces; missing escapes or markup?
39 | If {id} is not given, and a UniProt FASTA header is detected (regular expression \code{"\\|......\\|.*_"}), information there (accession, name, organism) is split into the \code{protein}, \code{abbrv}, and {organism} columns of the resulting data frame.
| ^
checkRd: (-1) util.fasta.Rd:39: Lost braces; missing escapes or markup?
39 | If {id} is not given, and a UniProt FASTA header is detected (regular expression \code{"\\|......\\|.*_"}), information there (accession, name, organism) is split into the \code{protein}, \code{abbrv}, and {organism} columns of the resulting data frame.
| ^
Flavors: r-devel-linux-x86_64-debian-clang, r-devel-linux-x86_64-debian-gcc
Version: 2.0.0
Check: installed package size
Result: NOTE
installed size is 6.4Mb
sub-directories of 1Mb or more:
doc 1.8Mb
extdata 1.1Mb
libs 1.9Mb
Flavor: r-devel-linux-x86_64-fedora-clang